{"id":1962,"date":"2017-02-16T22:37:35","date_gmt":"2017-02-16T21:37:35","guid":{"rendered":"http:\/\/www.bandasanfilep.com.mt\/?page_id=1962"},"modified":"2025-07-14T16:20:49","modified_gmt":"2025-07-14T16:20:49","slug":"riratti-2017","status":"publish","type":"page","link":"https:\/\/bandasanfilep.com.mt\/index.php\/ritratti\/riratti-2017\/","title":{"rendered":"Ritratti 2017"},"content":{"rendered":"\n<div id=\"jig1\" class=\"justified-image-grid jig-f3c0f3247ca2758d0d5cb2f8b8841e56 jig-preset-global jig-source-facebook\"><div class=\"jig-clearfix\"><\/div><noscript id=\"jig1-html\" class=\"justified-image-grid-html\" data-lazy-src=\"skiplazyload\" data-src=\"skipunveillazyload\"><ul><li><a href=\"https:\/\/bandasanfilep.com.mt\/index.php\/wp-json\/wp\/v2\/pages\/1962facebook-album\/1555791561171688\" title=\"119 Photos\"><img loading=\"lazy\" decoding=\"async\" src=\"https:\/\/bandasanfilep.com.mt\/wp-content\/plugins\/justified-image-grid\/timthumb.php?src=https%3A%2F%2Fscontent-fra5-2.xx.fbcdn.net%2Fv%2Ft39.30808-6%2F510984360_23887382667585925_355451440474397704_n.jpg%3F_nc_cat%3D106%26ccb%3D1-7%26_nc_sid%3Dd9b88e%26_nc_ohc%3DSjH2Rcf3akIQ7kNvwEHFaJJ%26_nc_oc%3DAdr7CKtsCqUWO4nEDxTH6PrPL0PgJKo7lI6g-xX6r7Y6KkAjs2RdBBqRsZpCEOWHmtxi16l-yC6v-os3BlzsJVsp%26_nc_zt%3D23%26_nc_ht%3Dscontent-fra5-2.xx%26edm%3DABHaK5EEAAAA%26_nc_gid%3DMcN4BjhdHugZ1oox6C8rNA%26_nc_tpa%3DQ5bMBQHAzXNoc49_A4JRhxV3gN6BGM7Qfz8rLukdkJSSp6rkP5h-4uREoCiGqFlZhePPQ9Vzucav99m4%26oh%3D00_Af4D8b9JfOraUu1_-IVBsdLKdKzRz-96Na-pQUkjaap7zA%26oe%3D69FA3E49&amp;h=230&amp;q=90&amp;f=.jpg\" alt=\"Kids Christmas Party\" width=\"345\" height=\"230\" \/><\/a><p class=\"jig-HTMLdescription\">Kids Christmas Party<br\/>119 Photos<\/p><\/li><li><a href=\"https:\/\/bandasanfilep.com.mt\/index.php\/wp-json\/wp\/v2\/pages\/1962facebook-album\/1380717085345804\" title=\"117 Photos\"><img loading=\"lazy\" decoding=\"async\" src=\"https:\/\/bandasanfilep.com.mt\/wp-content\/plugins\/justified-image-grid\/timthumb.php?src=https%3A%2F%2Fscontent-fra3-2.xx.fbcdn.net%2Fv%2Ft39.30808-6%2F511184543_23875444735446385_4048876122484958310_n.jpg%3Fstp%3Ddst-jpg_s720x720_tt6%26_nc_cat%3D111%26ccb%3D1-7%26_nc_sid%3Dd9b88e%26_nc_ohc%3DMBgxwKcS5LIQ7kNvwESE_CK%26_nc_oc%3DAdqCJJz0LJ_esYUA1oAiQ8p9n_WShu-G8Em2Ua-DqpWnUvxJmn4pIeM83XRW3SZ14UN0Ppd16OnkMKJHM512uvTh%26_nc_zt%3D23%26_nc_ht%3Dscontent-fra3-2.xx%26edm%3DABHaK5EEAAAA%26_nc_gid%3DMcN4BjhdHugZ1oox6C8rNA%26_nc_tpa%3DQ5bMBQFSXNmnIWkBXOsMmVLA-dH6-hTW9K2ND0TbM9XTKatYd7wqDfcpigg9PuWlVMJ1o-qk2SAXOQBl%26oh%3D00_Af4KPZSJrz9HxZGxj8qXhtlrk5Np8IDQs9T6AuS7R1X8Fg%26oe%3D69FA403F&amp;h=230&amp;q=90&amp;f=.jpg\" alt=\"Purcissjoni f&#039;jum il-festa 2017\" width=\"153\" height=\"230\" \/><\/a><p class=\"jig-HTMLdescription\">Purcissjoni f'jum il-festa 2017<br\/>117 Photos<\/p><\/li><li><a href=\"https:\/\/bandasanfilep.com.mt\/index.php\/wp-json\/wp\/v2\/pages\/1962facebook-album\/1380659502018229\" title=\"185 Photos\"><img loading=\"lazy\" decoding=\"async\" src=\"https:\/\/bandasanfilep.com.mt\/wp-content\/plugins\/justified-image-grid\/timthumb.php?src=https%3A%2F%2Fscontent-fra3-1.xx.fbcdn.net%2Fv%2Ft39.30808-6%2F510522113_23875443145446544_4928954417755672724_n.jpg%3Fstp%3Ddst-jpg_s1080x2048_tt6%26_nc_cat%3D101%26ccb%3D1-7%26_nc_sid%3Dd9b88e%26_nc_ohc%3DbmsP-io7D_MQ7kNvwGn0EVh%26_nc_oc%3DAdr1Z8Yb5v5vpRz6ZFrCQwWIxEIEX2q6mlxWYedpI9FzJe8UFcaGYJQXqsE22lx_CGLO898iX-zf5x91UyoAiq1c%26_nc_zt%3D23%26_nc_ht%3Dscontent-fra3-1.xx%26edm%3DABHaK5EEAAAA%26_nc_gid%3DMcN4BjhdHugZ1oox6C8rNA%26_nc_tpa%3DQ5bMBQFAtyZnxeaYFCf2Hj3exmlWuteyhXJn-d1xdC35TEdv_aZTlde3Taa6s88Lo1lUEDrgJE-ybIo0%26oh%3D00_Af7Nk6IfuamwOvTTvFIkUUkbrdHVIUN8pwTMHvcd7J26EQ%26oe%3D69FA239C&amp;h=230&amp;q=90&amp;f=.jpg\" alt=\"Marc Hadd Filghodu 2017\" width=\"345\" height=\"230\" \/><\/a><p class=\"jig-HTMLdescription\">Marc Hadd Filghodu 2017<br\/>185 Photos<\/p><\/li><li><a href=\"https:\/\/bandasanfilep.com.mt\/index.php\/wp-json\/wp\/v2\/pages\/1962facebook-album\/1380654375352075\" title=\"83 Photos\"><img loading=\"lazy\" decoding=\"async\" src=\"https:\/\/bandasanfilep.com.mt\/wp-content\/plugins\/justified-image-grid\/timthumb.php?src=https%3A%2F%2Fscontent-fra5-1.xx.fbcdn.net%2Fv%2Ft39.30808-6%2F510138029_23875441505446708_31886056245241236_n.jpg%3Fstp%3Ddst-jpg_s1080x2048_tt6%26_nc_cat%3D102%26ccb%3D1-7%26_nc_sid%3Dd9b88e%26_nc_ohc%3DL9vaXLa_tTIQ7kNvwHHWT7b%26_nc_oc%3DAdqJQ-wCUSs8LRWoAVqjEnEGiT6mMQKr9eFBZzz_CeAzjJenhalQx6I4Yu8lNlrKuvRnAJDPcdzxXZ2dMnSWWxFW%26_nc_zt%3D23%26_nc_ht%3Dscontent-fra5-1.xx%26edm%3DABHaK5EEAAAA%26_nc_gid%3DMcN4BjhdHugZ1oox6C8rNA%26_nc_tpa%3DQ5bMBQGEtTDRYokplV1Xr7s4HUShwOO7L-YGOLrSyde3EQGWwnbyM0llJdyo7k7Cf33UIfHYJt96qc_6%26oh%3D00_Af58D7a2fUkBsNsEnxbAuk90Z2SB5X4Yk44jpJsgl8dATQ%26oe%3D69FA226C&amp;h=230&amp;q=90&amp;f=.jpg\" alt=\"Pyro Rhapsody 2017\" width=\"345\" height=\"230\" \/><\/a><p class=\"jig-HTMLdescription\">Pyro Rhapsody 2017<br\/>83 Photos<\/p><\/li><li><a href=\"https:\/\/bandasanfilep.com.mt\/index.php\/wp-json\/wp\/v2\/pages\/1962facebook-album\/1376363215781191\" title=\"184 Photos\"><img loading=\"lazy\" decoding=\"async\" src=\"https:\/\/bandasanfilep.com.mt\/wp-content\/plugins\/justified-image-grid\/timthumb.php?src=https%3A%2F%2Fscontent-fra3-1.xx.fbcdn.net%2Fv%2Ft39.30808-6%2F509983528_23875397562117769_690321605461388019_n.jpg%3Fstp%3Ddst-jpg_s1080x2048_tt6%26_nc_cat%3D103%26ccb%3D1-7%26_nc_sid%3Dd9b88e%26_nc_ohc%3DQltM64wvxUgQ7kNvwGyq6Z9%26_nc_oc%3DAdopEzBdhgSlTG-SfACNpw58pd2jcfUCJh8n0bQYNcu0-rM5duXJEqdHZMbddnRe3R0h5H3CHfAjHJx5H6NVCrL_%26_nc_zt%3D23%26_nc_ht%3Dscontent-fra3-1.xx%26edm%3DABHaK5EEAAAA%26_nc_gid%3DMcN4BjhdHugZ1oox6C8rNA%26_nc_tpa%3DQ5bMBQGIlpBTf3NsDAMgFw8b-6yPuP4_RXzl4_pOmWlY42LSIcKygA_TwmWxomHcp5W2aRSymAhRF1yk%26oh%3D00_Af4lRxfHrnPmugRefH6jOVcXNqz62PotEBsWUt_Bw4f1Bw%26oe%3D69FA2D46&amp;h=230&amp;q=90&amp;f=.jpg\" alt=\"Pyro Mechanica 2017\" width=\"345\" height=\"230\" \/><\/a><p class=\"jig-HTMLdescription\">Pyro Mechanica 2017<br\/>184 Photos<\/p><\/li><li><a href=\"https:\/\/bandasanfilep.com.mt\/index.php\/wp-json\/wp\/v2\/pages\/1962facebook-album\/1375217009229145\" title=\"91 Photos\"><img loading=\"lazy\" decoding=\"async\" src=\"https:\/\/bandasanfilep.com.mt\/wp-content\/plugins\/justified-image-grid\/timthumb.php?src=https%3A%2F%2Fscontent-fra3-1.xx.fbcdn.net%2Fv%2Ft39.30808-6%2F510973345_23875252578798934_7270140675695290544_n.jpg%3Fstp%3Ddst-jpg_s1080x2048_tt6%26_nc_cat%3D101%26ccb%3D1-7%26_nc_sid%3Dd9b88e%26_nc_ohc%3D_9pWEo9nUJoQ7kNvwH1lqNH%26_nc_oc%3DAdqCk2YmCpwJ4CNTN4qRsLHjBz-GNaQLqPxn0eh7QXC2FUW1KFDyOgMigx_8x53CX58KUtYMFJ2CTPEYhfy4AKut%26_nc_zt%3D23%26_nc_ht%3Dscontent-fra3-1.xx%26edm%3DABHaK5EEAAAA%26_nc_gid%3DMcN4BjhdHugZ1oox6C8rNA%26_nc_tpa%3DQ5bMBQHwkqjGEqaD_MuKHZTEBE549iitgrKmOnCM6xUsc7Ju77SiPJeHQNMMJlxRQD5TiQswkRKYYL2B%26oh%3D00_Af4MvEy3rJUpYwyuRdp-N-bmEpmZP9irxM0gjjnQqd_tDA%26oe%3D69FA08FE&amp;h=230&amp;q=90&amp;f=.jpg\" alt=\"Marc Tal-Hamis 2017\" width=\"345\" height=\"230\" \/><\/a><p class=\"jig-HTMLdescription\">Marc Tal-Hamis 2017<br\/>91 Photos<\/p><\/li><li><a href=\"https:\/\/bandasanfilep.com.mt\/index.php\/wp-json\/wp\/v2\/pages\/1962facebook-album\/1373310826086430\" title=\"68 Photos\"><img loading=\"lazy\" decoding=\"async\" src=\"https:\/\/bandasanfilep.com.mt\/wp-content\/plugins\/justified-image-grid\/timthumb.php?src=https%3A%2F%2Fscontent-fra3-1.xx.fbcdn.net%2Fv%2Ft39.30808-6%2F510563634_23875067325484126_2911565330724035358_n.jpg%3Fstp%3Ddst-jpg_s1080x2048_tt6%26_nc_cat%3D105%26ccb%3D1-7%26_nc_sid%3Dd9b88e%26_nc_ohc%3DS5Ieg-yCCqIQ7kNvwHVS4Le%26_nc_oc%3DAdoe8DBziYu50opci90OC-1-Q5sWyaK3VCdzgWfWpSOo7DwiBbRhT1aj3T3rn1RfoTvNGRXjdo6HOfnke7mtw9hV%26_nc_zt%3D23%26_nc_ht%3Dscontent-fra3-1.xx%26edm%3DABHaK5EEAAAA%26_nc_gid%3DMcN4BjhdHugZ1oox6C8rNA%26_nc_tpa%3DQ5bMBQFPtzOFJk3CsC-rBEEZZexO98Grhuw-PaZ-sXe2kE9mIifelnci8CAbJ0nZdYq6OgMOrE-Kb-pG%26oh%3D00_Af688jh_iYYt9B2iAPr47LIVIpa6ZwVRDmzb_NJuhoiuRQ%26oe%3D69FA3359&amp;h=230&amp;q=90&amp;f=.jpg\" alt=\"Marc tat-tlieta + Pyro Masters 2017\" width=\"345\" height=\"230\" \/><\/a><p class=\"jig-HTMLdescription\">Marc tat-tlieta + Pyro Masters 2017<br\/>68 Photos<\/p><\/li><li><a href=\"https:\/\/bandasanfilep.com.mt\/index.php\/wp-json\/wp\/v2\/pages\/1962facebook-album\/1371375989613247\" title=\"50 Photos\"><img loading=\"lazy\" decoding=\"async\" src=\"https:\/\/bandasanfilep.com.mt\/wp-content\/plugins\/justified-image-grid\/timthumb.php?src=https%3A%2F%2Fscontent-fra3-1.xx.fbcdn.net%2Fv%2Ft39.30808-6%2F510978253_23875049512152574_841237065067611146_n.jpg%3Fstp%3Ddst-jpg_s1080x2048_tt6%26_nc_cat%3D101%26ccb%3D1-7%26_nc_sid%3Dd9b88e%26_nc_ohc%3DTA8-eaYZMzcQ7kNvwGocrsf%26_nc_oc%3DAdrMb7EwcyBrCw6CyQz9KW0Nxn6wI-6kEtjeKefS1jZWAjA-TyK8teLUSen9Z_XbOXigfcUdn7Te1wgfq6hP3oEN%26_nc_zt%3D23%26_nc_ht%3Dscontent-fra3-1.xx%26edm%3DABHaK5EEAAAA%26_nc_gid%3DMcN4BjhdHugZ1oox6C8rNA%26_nc_tpa%3DQ5bMBQH0Q1Ncfg9gxrGMvmsiTSs0zdjEfY5i9_xxWJe6gIIwDGA2sw8tlYKdP-vBNZ3vZZ29hFUOpTeV%26oh%3D00_Af5iGVkYHenJF5cyzSZwdEoxDh1lRQlFE-ePN8msDXJopw%26oe%3D69FA096F&amp;h=230&amp;q=90&amp;f=.jpg\" alt=\"VIP Party\" width=\"345\" height=\"230\" \/><\/a><p class=\"jig-HTMLdescription\">VIP Party<br\/>50 Photos<\/p><\/li><li><a href=\"https:\/\/bandasanfilep.com.mt\/index.php\/wp-json\/wp\/v2\/pages\/1962facebook-album\/1371368052947374\" title=\"19 Photos\"><img loading=\"lazy\" decoding=\"async\" src=\"https:\/\/bandasanfilep.com.mt\/wp-content\/plugins\/justified-image-grid\/timthumb.php?src=https%3A%2F%2Fscontent-fra3-2.xx.fbcdn.net%2Fv%2Ft39.30808-6%2F510121607_23875049508819241_5947718865781191738_n.jpg%3Fstp%3Ddst-jpg_p600x600_tt6%26_nc_cat%3D104%26ccb%3D1-7%26_nc_sid%3Dd9b88e%26_nc_ohc%3DB9Gk54G7jDEQ7kNvwG77OCy%26_nc_oc%3DAdrjgpAObiX8drOgPaRIwgiPxkW431cX4M405o-RtvBrxHEZkP7_WBx-P13Rm8JWSme8O0wtOFdVmR8iGrkPb0_r%26_nc_zt%3D23%26_nc_ht%3Dscontent-fra3-2.xx%26edm%3DABHaK5EEAAAA%26_nc_gid%3DMcN4BjhdHugZ1oox6C8rNA%26_nc_tpa%3DQ5bMBQGbO-svEdFChumUwhLQrkh2O_gEsootYZdqhxSnxQ8bkrSDt3R5lw2EoDLE3Kk-f_nV7hG8LKcn%26oh%3D00_Af4y-G6koX3pqoJA096bWDGInrU5Y7I6XaPIlhxaDGc-MA%26oe%3D69FA10EF&amp;h=230&amp;q=90&amp;f=.jpg\" alt=\"Quddies g\u0127a\u017c-\u017cg\u0127a\u017cag\u0127 \u017bebbu\u0121in\" width=\"177\" height=\"230\" \/><\/a><p class=\"jig-HTMLdescription\">Quddies g\u0127a\u017c-\u017cg\u0127a\u017cag\u0127 \u017bebbu\u0121in<br\/>19 Photos<\/p><\/li><li><a href=\"https:\/\/bandasanfilep.com.mt\/index.php\/wp-json\/wp\/v2\/pages\/1962facebook-album\/1370991619651684\" title=\"20 Photos\"><img loading=\"lazy\" decoding=\"async\" src=\"https:\/\/bandasanfilep.com.mt\/wp-content\/plugins\/justified-image-grid\/timthumb.php?src=https%3A%2F%2Fscontent-fra3-1.xx.fbcdn.net%2Fv%2Ft39.30808-6%2F510397085_23875042222153303_2852737943187390388_n.jpg%3Fstp%3Ddst-jpg_s1080x2048_tt6%26_nc_cat%3D103%26ccb%3D1-7%26_nc_sid%3Dd9b88e%26_nc_ohc%3DTmdz0LLr-jsQ7kNvwGFcaoM%26_nc_oc%3DAdr8Q-QAiSUhm6tozkh8S1zbiqhL6URH744pttQXmeAtBHXbI00JpCmYiVXWNcHjqL4J13H-2BtVFkvjvZeV0Iqd%26_nc_zt%3D23%26_nc_ht%3Dscontent-fra3-1.xx%26edm%3DABHaK5EEAAAA%26_nc_gid%3DMcN4BjhdHugZ1oox6C8rNA%26_nc_tpa%3DQ5bMBQF7GZ90sO7ZYJh3M8KJuw6N_j-0aqya8pF7KGKr88W49-P6BTidslBZodZHFnSzicisBMYx0ohz%26oh%3D00_Af5FGEBbpjHsE7CbaKoRk5v94-Ot5wWZCElmVJDgA_SppQ%26oe%3D69FA2FFE&amp;h=230&amp;q=90&amp;f=.jpg\" alt=\"Tberik Kamra Tan-Nar 2017\" width=\"345\" height=\"230\" \/><\/a><p class=\"jig-HTMLdescription\">Tberik Kamra Tan-Nar 2017<br\/>20 Photos<\/p><\/li><li><a href=\"https:\/\/bandasanfilep.com.mt\/index.php\/wp-json\/wp\/v2\/pages\/1962facebook-album\/1370954632988716\" title=\"24 Photos\"><img loading=\"lazy\" decoding=\"async\" src=\"https:\/\/bandasanfilep.com.mt\/wp-content\/plugins\/justified-image-grid\/timthumb.php?src=https%3A%2F%2Fscontent-fra5-1.xx.fbcdn.net%2Fv%2Ft39.30808-6%2F510076507_23875041755486683_1268668072414097560_n.jpg%3Fstp%3Ddst-jpg_s1080x2048_tt6%26_nc_cat%3D102%26ccb%3D1-7%26_nc_sid%3Dd9b88e%26_nc_ohc%3DyD29j1i4OMcQ7kNvwGMa3ns%26_nc_oc%3DAdpizSkPvRCFYz4mcDhFQuteDCRqOmr4fEnYDWcPTGk6TeLmWeu_znJo3LKztX3sz2BGVCXVGmtT65YTKAsCAEhI%26_nc_zt%3D23%26_nc_ht%3Dscontent-fra5-1.xx%26edm%3DABHaK5EEAAAA%26_nc_gid%3DMcN4BjhdHugZ1oox6C8rNA%26_nc_tpa%3DQ5bMBQEi3rdxQxye2zk6BS8DCWJztR-SUJk0W_KmeOAINbIDTY9oz1pPtK231tT_ZNtCox_7Vx_SmRd-%26oh%3D00_Af6pEqNgPpxXVBjtJoLC9ZZ5dZ6Y5a5-ZaqcNh_CqI5jJg%26oe%3D69FA132B&amp;h=230&amp;q=90&amp;f=.jpg\" alt=\"Hrug Solenni tal-istatwa ta&#039; San Filep 2017\" width=\"345\" height=\"230\" \/><\/a><p class=\"jig-HTMLdescription\">Hrug Solenni tal-istatwa ta' San Filep 2017<br\/>24 Photos<\/p><\/li><li><a href=\"https:\/\/bandasanfilep.com.mt\/index.php\/wp-json\/wp\/v2\/pages\/1962facebook-album\/1370155113068668\" title=\"8 Photos\"><img loading=\"lazy\" decoding=\"async\" src=\"https:\/\/bandasanfilep.com.mt\/wp-content\/plugins\/justified-image-grid\/timthumb.php?src=https%3A%2F%2Fscontent-fra5-1.xx.fbcdn.net%2Fv%2Ft39.30808-6%2F510530679_23875030898821102_8430617672738483037_n.jpg%3Fstp%3Ddst-jpg_s1080x2048_tt6%26_nc_cat%3D100%26ccb%3D1-7%26_nc_sid%3Dd9b88e%26_nc_ohc%3DpFxqpWe0CS0Q7kNvwHcNScX%26_nc_oc%3DAdo7eJVqrtsaeNtPbshiFf61Si5VBWyoGAgnpgWQuLKWwThWyNGX1uoX5w0lUi4oWZynway9C2knogKSPpPiZ4FD%26_nc_zt%3D23%26_nc_ht%3Dscontent-fra5-1.xx%26edm%3DABHaK5EEAAAA%26_nc_gid%3DMcN4BjhdHugZ1oox6C8rNA%26_nc_tpa%3DQ5bMBQFfG1q5Q1Rt79EY1asnbDSZ38FdD_typd2lz4iCq1ABd4FueLGN7ZH6eu7m9IJ9qbyZ7Jgszn8R%26oh%3D00_Af6RHGCOAdV2RSYzDcpGVEIUqEDLMX3Sj0vllXyNXK3ZVg%26oe%3D69FA0C7C&amp;h=230&amp;q=90&amp;f=.jpg\" alt=\"\u0126ru\u0121 tal-istatwa ta\u2019 San Filep min-ni\u010b\u010ba (Privat)\" width=\"345\" height=\"230\" \/><\/a><p class=\"jig-HTMLdescription\">\u0126ru\u0121 tal-istatwa ta\u2019 San Filep min-ni\u010b\u010ba (Privat)<br\/>8 Photos<\/p><\/li><li><a href=\"https:\/\/bandasanfilep.com.mt\/index.php\/wp-json\/wp\/v2\/pages\/1962facebook-album\/1370138949736951\" title=\"11 Photos\"><img loading=\"lazy\" decoding=\"async\" src=\"https:\/\/bandasanfilep.com.mt\/wp-content\/plugins\/justified-image-grid\/timthumb.php?src=https%3A%2F%2Fscontent-fra3-2.xx.fbcdn.net%2Fv%2Ft39.30808-6%2F510475256_23875030978821094_4077707072881306054_n.jpg%3Fstp%3Ddst-jpg_s720x720_tt6%26_nc_cat%3D104%26ccb%3D1-7%26_nc_sid%3Dd9b88e%26_nc_ohc%3DQ97P4kt4pmwQ7kNvwG1qILi%26_nc_oc%3DAdqOejNg0NE-xK58w3eKky3Sfnou8AdlRfaeOy27rt9iZA36ZyltaYndEn7eX9vNm_l1jyU8gYziTmzUSI9BZN7N%26_nc_zt%3D23%26_nc_ht%3Dscontent-fra3-2.xx%26edm%3DABHaK5EEAAAA%26_nc_gid%3DMcN4BjhdHugZ1oox6C8rNA%26_nc_tpa%3DQ5bMBQFiNSb-KiTuTAv6gGovd7skeZnnsrewqkBdBZfCWN38pYY_3bz73q8JUNeZww15dtfWwoDdSDDR%26oh%3D00_Af7aF8udt0cwkPCg79EuzknY5wAMt0mVqtpG6HqnELoZrw%26oe%3D69FA1292&amp;h=230&amp;q=90&amp;f=.jpg\" alt=\"BBQ Lejlet il-festa 2017\" width=\"153\" height=\"230\" \/><\/a><p class=\"jig-HTMLdescription\">BBQ Lejlet il-festa 2017<br\/>11 Photos<\/p><\/li><li><a href=\"https:\/\/bandasanfilep.com.mt\/index.php\/wp-json\/wp\/v2\/pages\/1962facebook-album\/1366273170123529\" title=\"16 Photos\"><img loading=\"lazy\" decoding=\"async\" src=\"https:\/\/bandasanfilep.com.mt\/wp-content\/plugins\/justified-image-grid\/timthumb.php?src=https%3A%2F%2Fscontent-fra5-2.xx.fbcdn.net%2Fv%2Ft39.30808-6%2F511195875_23874832828840909_876128519160176408_n.jpg%3Fstp%3Ddst-jpg_s1080x2048_tt6%26_nc_cat%3D107%26ccb%3D1-7%26_nc_sid%3Dd9b88e%26_nc_ohc%3DawnRPmo0KIYQ7kNvwGzt-Yz%26_nc_oc%3DAdqsHO5U82dnh4PCdOoSZO9y9ediJwSPMc_G2_LHCA_odayXSWcm1tpDIbQTZrjXJm88sFWkGryHVvTKEicrZVWM%26_nc_zt%3D23%26_nc_ht%3Dscontent-fra5-2.xx%26edm%3DABHaK5EEAAAA%26_nc_gid%3DMcN4BjhdHugZ1oox6C8rNA%26_nc_tpa%3DQ5bMBQHtik0MuCnV88cqFkpkineg9FNM4gdV5xFS_TEW1mVkR0uRIbvktCJazb4nuPNWLyAumh6wtHRi%26oh%3D00_Af47OpAM8dC5blvGx00kk199xoC6hIjVC6z9FRoSXER6ng%26oe%3D69FA0F11&amp;h=230&amp;q=90&amp;f=.jpg\" alt=\"Pur\u010bissjoni bl-istatwa ta&#039; San Filep g\u0127at-tfal\" width=\"345\" height=\"230\" \/><\/a><p class=\"jig-HTMLdescription\">Pur\u010bissjoni bl-istatwa ta' San Filep g\u0127at-tfal<br\/>16 Photos<\/p><\/li><li><a href=\"https:\/\/bandasanfilep.com.mt\/index.php\/wp-json\/wp\/v2\/pages\/1962facebook-album\/1350447348372778\" title=\"28 Photos\"><img loading=\"lazy\" decoding=\"async\" src=\"https:\/\/bandasanfilep.com.mt\/wp-content\/plugins\/justified-image-grid\/timthumb.php?src=https%3A%2F%2Fscontent-fra5-2.xx.fbcdn.net%2Fv%2Ft39.30808-6%2F510713176_23873281685662690_1440087331135184482_n.jpg%3Fstp%3Ddst-jpg_s1080x2048_tt6%26_nc_cat%3D107%26ccb%3D1-7%26_nc_sid%3Dd9b88e%26_nc_ohc%3D_AtNvSlKsx8Q7kNvwE-SpdT%26_nc_oc%3DAdqXGCzRnqkcE_iOZOtwiPPW461cSXLZ-8kbD1P9Qr8jrB2PtNmWsYJx6RAvpUIfAFEUQFaj0cyOR6ZByFOsI7yB%26_nc_zt%3D23%26_nc_ht%3Dscontent-fra5-2.xx%26edm%3DABHaK5EEAAAA%26_nc_gid%3D8AmEiWIiKv6IqhWorM-aog%26_nc_tpa%3DQ5bMBQEseyg5iQxSYcB1BNIdFsdbEi-XrW5I_Hwd4O33Q0EoMMUuegja9tqZ_Ne6h1iSL-oZhaz7AJ37%26oh%3D00_Af7hd19IY2H6ctfjHYNsmT2UE_MfDIfUv70kOafbpkqTHg%26oe%3D69FA1DA6&amp;h=230&amp;q=90&amp;f=.jpg\" alt=\"Ri\u010beviment tal-Kummissjoni Nar - 21 ta&#039; Mejju 2017\" width=\"345\" height=\"230\" \/><\/a><p class=\"jig-HTMLdescription\">Ri\u010beviment tal-Kummissjoni Nar - 21 ta' Mejju 2017<br\/>28 Photos<\/p><\/li><li><a href=\"https:\/\/bandasanfilep.com.mt\/index.php\/wp-json\/wp\/v2\/pages\/1962facebook-album\/1342656782485168\" title=\"45 Photos\"><img loading=\"lazy\" decoding=\"async\" src=\"https:\/\/bandasanfilep.com.mt\/wp-content\/plugins\/justified-image-grid\/timthumb.php?src=https%3A%2F%2Fscontent-fra5-1.xx.fbcdn.net%2Fv%2Ft39.30808-6%2F510684328_23871556369168555_2091211320640720226_n.jpg%3Fstp%3Ddst-jpg_s1080x2048_tt6%26_nc_cat%3D102%26ccb%3D1-7%26_nc_sid%3Dd9b88e%26_nc_ohc%3DB6kOM569GBcQ7kNvwHOBice%26_nc_oc%3DAdozZxiyqLyOTNwcq2tTRk11-356Gz6dXhrkRYIryVgW7p4jSNag_kdXMHQ_bXlNgRZu3s9OWVF5uzXoyAxkgQSZ%26_nc_zt%3D23%26_nc_ht%3Dscontent-fra5-1.xx%26edm%3DABHaK5EEAAAA%26_nc_gid%3D8AmEiWIiKv6IqhWorM-aog%26_nc_tpa%3DQ5bMBQGnAv6uRbjvmpPxf-YDPasKWvlM8QQVweLj8U2Yea_pi1qxTwU5YmoN085TaFjUNtc2K7eKc5vW%26oh%3D00_Af5kmoPfBNPRRtFaHHGb72DdK3OTHqkwkoRPqG8TNKB0LA%26oe%3D69FA2CF5&amp;h=230&amp;q=90&amp;f=.jpg\" alt=\"Marc tat-12 ta&#039; Mejju 2017\" width=\"345\" height=\"230\" \/><\/a><p class=\"jig-HTMLdescription\">Marc tat-12 ta' Mejju 2017<br\/>45 Photos<\/p><\/li><li><a href=\"https:\/\/bandasanfilep.com.mt\/index.php\/wp-json\/wp\/v2\/pages\/1962facebook-album\/1312473158836864\" title=\"4 Photos\"><img loading=\"lazy\" decoding=\"async\" src=\"https:\/\/bandasanfilep.com.mt\/wp-content\/plugins\/justified-image-grid\/timthumb.php?src=https%3A%2F%2Fscontent-fra3-2.xx.fbcdn.net%2Fv%2Ft39.30808-6%2F509425588_23869957615995097_4026078587840769945_n.jpg%3Fstp%3Ddst-jpg_s720x720_tt6%26_nc_cat%3D111%26ccb%3D1-7%26_nc_sid%3Dd9b88e%26_nc_ohc%3Dn8ngDFHEfU4Q7kNvwHn6EA2%26_nc_oc%3DAdpLu6fEIF9X5AntncZL45E9F2imU9kjFGeaJWRyprNbXTiDRKzhAjEyE0l7E_Q5VyTnv7sguyjAfThllYLGo0qD%26_nc_zt%3D23%26_nc_ht%3Dscontent-fra3-2.xx%26edm%3DABHaK5EEAAAA%26_nc_gid%3D8AmEiWIiKv6IqhWorM-aog%26_nc_tpa%3DQ5bMBQFw0tqESomltKaAI6MCBP2YVZp_ItmC79aZjmQpReqjUtoM2pWNRF1t-rxcNwy__7E0r9XGHpa4%26oh%3D00_Af5z9M3k2_go15qlwTur6bcoWtlmeBUfOwRod8ZARkATHQ%26oe%3D69FA0A1A&amp;h=230&amp;q=90&amp;f=.jpg\" alt=\"Il-Banda San Filep takkumpanja l-pur\u010bissjoni tal-\u0120img\u0127a Mqaddsa\" width=\"153\" height=\"230\" \/><\/a><p class=\"jig-HTMLdescription\">Il-Banda San Filep takkumpanja l-pur\u010bissjoni tal-\u0120img\u0127a Mqaddsa<br\/>4 Photos<\/p><\/li><li><a href=\"https:\/\/bandasanfilep.com.mt\/index.php\/wp-json\/wp\/v2\/pages\/1962facebook-album\/1303180673099446\" title=\"15 Photos\"><img loading=\"lazy\" decoding=\"async\" src=\"https:\/\/bandasanfilep.com.mt\/wp-content\/plugins\/justified-image-grid\/timthumb.php?src=https%3A%2F%2Fscontent-fra3-2.xx.fbcdn.net%2Fv%2Ft39.30808-6%2F510473409_23869562276034631_1712353681163412528_n.jpg%3Fstp%3Ddst-jpg_s1080x2048_tt6%26_nc_cat%3D104%26ccb%3D1-7%26_nc_sid%3Dd9b88e%26_nc_ohc%3DnmDGPvtfI5gQ7kNvwEFd1qN%26_nc_oc%3DAdrLf3fGVie-94rkw1bE2i7Gk3G9D6uK5hcmuhia94htQaDpl4uuOE6WINSENku0vEZSoS5u84iRHgAavcG5SHQc%26_nc_zt%3D23%26_nc_ht%3Dscontent-fra3-2.xx%26edm%3DABHaK5EEAAAA%26_nc_gid%3D8AmEiWIiKv6IqhWorM-aog%26_nc_tpa%3DQ5bMBQH5qQemAIMLkPpUqjroTVk_Ff6VrKwXU4PlHDW7NZaa-06ZBfgLFskK-cNw714cr_i-A7ZqfSDY%26oh%3D00_Af7hkjWS5QsUVceA3pBEKRr7cziJKwSI7JY_EOVUjvrGDw%26oe%3D69FA0FF1&amp;h=230&amp;q=90&amp;f=.jpg\" alt=\"Ftu\u0127 tal-Wirjiet tal-\u0120img\u0127a Mqaddsa - 2017\" width=\"345\" height=\"230\" \/><\/a><p class=\"jig-HTMLdescription\">Ftu\u0127 tal-Wirjiet tal-\u0120img\u0127a Mqaddsa - 2017<br\/>15 Photos<\/p><\/li><li><a href=\"https:\/\/bandasanfilep.com.mt\/index.php\/wp-json\/wp\/v2\/pages\/1962facebook-album\/1295995577151289\" title=\"13 Photos\"><img loading=\"lazy\" decoding=\"async\" src=\"https:\/\/bandasanfilep.com.mt\/wp-content\/plugins\/justified-image-grid\/timthumb.php?src=https%3A%2F%2Fscontent-fra5-1.xx.fbcdn.net%2Fv%2Ft39.30808-6%2F510593135_23869176609406531_5061555615942356674_n.jpg%3Fstp%3Ddst-jpg_p600x600_tt6%26_nc_cat%3D100%26ccb%3D1-7%26_nc_sid%3Dd9b88e%26_nc_ohc%3D9R_UjmVU3RQQ7kNvwGJNw9v%26_nc_oc%3DAdr8slTT9H2W_yGcHTqAhgi0iU7Ju_0JcVO9XZgeKRPqfI68W5YfXZuw7RBgbEpGQ5fOP841FFM88W06JXYS3t1D%26_nc_zt%3D23%26_nc_ht%3Dscontent-fra5-1.xx%26edm%3DABHaK5EEAAAA%26_nc_gid%3D8AmEiWIiKv6IqhWorM-aog%26_nc_tpa%3DQ5bMBQFM4PXWtEbXwYWTpTuOhdH00WpPpqA8e6a-zmD3KZZL7XxUS0RjUHTNszL6bdov9vDxYk5r7vpA%26oh%3D00_Af5oPoeioQHQgpJl09S0_nOiQg-Lp4ia9sVEdoCaUFyOtg%26oe%3D69FA1141&amp;h=230&amp;q=90&amp;f=.jpg\" alt=\"Snooker Tournament - Kumitat IT\" width=\"169\" height=\"230\" \/><\/a><p class=\"jig-HTMLdescription\">Snooker Tournament - Kumitat IT<br\/>13 Photos<\/p><\/li><\/ul><\/noscript><\/div>\n","protected":false},"excerpt":{"rendered":"","protected":false},"author":1,"featured_media":0,"parent":38,"menu_order":0,"comment_status":"closed","ping_status":"closed","template":"page-templates\/page-sidebar-none.php","meta":{"footnotes":""},"class_list":["post-1962","page","type-page","status-publish","hentry"],"_links":{"self":[{"href":"https:\/\/bandasanfilep.com.mt\/index.php\/wp-json\/wp\/v2\/pages\/1962","targetHints":{"allow":["GET"]}}],"collection":[{"href":"https:\/\/bandasanfilep.com.mt\/index.php\/wp-json\/wp\/v2\/pages"}],"about":[{"href":"https:\/\/bandasanfilep.com.mt\/index.php\/wp-json\/wp\/v2\/types\/page"}],"author":[{"embeddable":true,"href":"https:\/\/bandasanfilep.com.mt\/index.php\/wp-json\/wp\/v2\/users\/1"}],"replies":[{"embeddable":true,"href":"https:\/\/bandasanfilep.com.mt\/index.php\/wp-json\/wp\/v2\/comments?post=1962"}],"version-history":[{"count":1,"href":"https:\/\/bandasanfilep.com.mt\/index.php\/wp-json\/wp\/v2\/pages\/1962\/revisions"}],"predecessor-version":[{"id":5977,"href":"https:\/\/bandasanfilep.com.mt\/index.php\/wp-json\/wp\/v2\/pages\/1962\/revisions\/5977"}],"up":[{"embeddable":true,"href":"https:\/\/bandasanfilep.com.mt\/index.php\/wp-json\/wp\/v2\/pages\/38"}],"wp:attachment":[{"href":"https:\/\/bandasanfilep.com.mt\/index.php\/wp-json\/wp\/v2\/media?parent=1962"}],"curies":[{"name":"wp","href":"https:\/\/api.w.org\/{rel}","templated":true}]}}