{"id":216,"date":"2014-12-30T19:00:32","date_gmt":"2014-12-30T18:00:32","guid":{"rendered":"http:\/\/www.bandasanfilep.com.mt\/TestSite\/?page_id=216"},"modified":"2025-07-14T16:20:22","modified_gmt":"2025-07-14T16:20:22","slug":"aspetti-mill-festa-tal-2012","status":"publish","type":"page","link":"https:\/\/bandasanfilep.com.mt\/index.php\/aspetti-mill-festa-tal-2012\/","title":{"rendered":"Aspetti mill-Festa tal-2012"},"content":{"rendered":"<ul>\n<li>B\u0127al snin o\u0127ra l-festa nfet\u0127et uffi\u010bjalment fit-12 ta\u2019 Mejju, l-jum litur\u0121iku tal-patrun ta\u2019 \u0126a\u017c-\u017bebbu\u0121, San Filep. Il-Banda San Filep iffurmata fil-parti l-kbira minn bandisti \u017cg\u0127a\u017cag\u0127 tal-post li saru jla\u0127\u0127qu l-\u0127amsin, esegwit mar\u010b briju\u017c ma diversi toroq tar-ra\u0127al fejn kienet akkumpanjata minn numru sabi\u0127 ta\u2019partitarji. Il-briju la\u0127aq il-qofol tieg\u0127u hekk kif waslet fil-vi\u010binanzi tal-ka\u017cin. Is-St Philip Fireworks Factory ukoll tat is-sehem tag\u0127ha bil-\u0127ruq ta\u2019 diversi murtali tal-beraq u o\u0127rajn tal- kulur. Dak inhar beda jxandar uffi\u010bjalment ir-radju tal-komunitarju tal-ka\u017cin fuq il-frekwenza 106.3FM u baqa, g\u0127addej bix-xandiriet bla waqfien sa jum il-festa. B\u2019hekk kien qed iwassal le\u0127en l-g\u0127aqda u jg\u0127arraf lil komunit\u00e0 \u017bebbu\u0121ija bl-attivitajiet kulturali u reli\u0121ju\u017ci li jkunu g\u0127addejjin.<\/li>\n<\/ul>\n<p><a href=\"http:\/\/www.bandasanfilep.com.mt\/wp-content\/uploads\/2014\/12\/Pic1.jpg\"><img loading=\"lazy\" decoding=\"async\" class=\"alignnone size-medium wp-image-218\" src=\"http:\/\/www.bandasanfilep.com.mt\/wp-content\/uploads\/2014\/12\/Pic1-300x169.jpg\" alt=\"Pic1\" width=\"300\" height=\"169\" \/><\/a> <a href=\"http:\/\/www.bandasanfilep.com.mt\/wp-content\/uploads\/2014\/12\/Pic2.jpg\"><img loading=\"lazy\" decoding=\"async\" class=\"alignnone size-medium wp-image-219\" src=\"http:\/\/www.bandasanfilep.com.mt\/wp-content\/uploads\/2014\/12\/Pic2-300x169.jpg\" alt=\"Pic2\" width=\"300\" height=\"169\" \/><\/a> <a href=\"http:\/\/www.bandasanfilep.com.mt\/wp-content\/uploads\/2014\/12\/Pic3.jpg\"><img loading=\"lazy\" decoding=\"async\" class=\"alignnone size-medium wp-image-220\" src=\"http:\/\/www.bandasanfilep.com.mt\/wp-content\/uploads\/2014\/12\/Pic3-300x169.jpg\" alt=\"Pic3\" width=\"300\" height=\"169\" \/><\/a> <a href=\"http:\/\/www.bandasanfilep.com.mt\/wp-content\/uploads\/2014\/12\/Pic4.jpg\"><img loading=\"lazy\" decoding=\"async\" class=\"alignnone size-medium wp-image-221\" src=\"http:\/\/www.bandasanfilep.com.mt\/wp-content\/uploads\/2014\/12\/Pic4-300x169.jpg\" alt=\"Pic4\" width=\"300\" height=\"169\" \/><\/a><a href=\"http:\/\/www.bandasanfilep.com.mt\/wp-content\/uploads\/2014\/12\/Pic5.jpg\"><img loading=\"lazy\" decoding=\"async\" class=\"alignnone size-medium wp-image-222\" src=\"http:\/\/www.bandasanfilep.com.mt\/wp-content\/uploads\/2014\/12\/Pic5-300x169.jpg\" alt=\"Pic5\" width=\"300\" height=\"169\" \/><\/a>\u00a0<a href=\"http:\/\/www.bandasanfilep.com.mt\/wp-content\/uploads\/2014\/12\/Pic6.jpg\"><img loading=\"lazy\" decoding=\"async\" class=\"alignnone size-medium wp-image-223\" src=\"http:\/\/www.bandasanfilep.com.mt\/wp-content\/uploads\/2014\/12\/Pic6-300x169.jpg\" alt=\"Pic6\" width=\"300\" height=\"169\" \/>\u00a0<img loading=\"lazy\" decoding=\"async\" class=\"alignnone size-medium wp-image-224\" src=\"http:\/\/www.bandasanfilep.com.mt\/wp-content\/uploads\/2014\/12\/Pic7-300x169.jpg\" alt=\"Pic7\" width=\"300\" height=\"169\" \/><\/a><\/p>\n<ul>\n<li>Nhar <strong>L-Erbg\u0127a 30 ta\u2019 Mejju<\/strong>, fil-pjazza ta\u2019 \u0126a\u017c-\u017bebbu\u0121 irrenjant atmosfera ta\u2019 fer\u0127 mo\u0127luq minn numru sabi\u0127 ta\u2019 tfal li attendew bi \u0127\u0121arhom g\u0127all-pur\u010bissjoni mag\u0127rufa b\u0127ala ta\u2019 San Filep i\u017c-\u017cg\u0127ir. Din hija tradizzjoni \u0127elwa fejn it-tfal li jattendu jing\u0127ataw l-opportunita li jerfg\u0127u istatwa \u017cg\u0127ira ta\u2019 San Filep fuq bradella \u017cg\u0127ira mag\u0127mula apposta g\u0127alihom. Tfal o\u0127rajn \u0121arrew g\u0127add sabi\u0127 ta\u2019 bandalori. Il-Banda ta\u017c-\u017bg\u0127a\u017cag\u0127 fi \u0127dan il-Banda San Filep ta\u0127t id-direzzjoni ta\u2019 Mro. Michael Ciantar allegrat il-pur\u010bissjoni. Numru sabi\u0127 ta\u2019 aljievi ukoll daqqew b\u0127ala banda \u017cg\u0127ira waqt li akkumpanjat l-istess pur\u010bissjoni. G\u0127all-ewwel darba din is-sena \u0121iet imnedija rappre\u017centazzjoni \u0127ajja ta\u2019 xeni qosra mill-\u0127ajja ta\u2019 San Filep ma\u0127dumin mis-St Philip Pageant Group. Dawn irrakkontaw lil dawk pre\u017centi parti mill-\u0127ajja ta\u2019 San Filep u tfal u l-kbar segwewhom b\u2019attenzjoni kbira.<\/li>\n<li><strong>Il-\u0126amis 31 ta\u2019 Mejju<\/strong> fil-ka\u017cin sar ir-ri\u010beviment annwali g\u0127all-membri tal-G\u0127aqda Ka\u017cin Banda San Filep AD1851.<\/li>\n<li><strong>Is-Sibt 2 ta\u2019 \u0120unju<\/strong>, fi Triq Sciortino saret l-ikla l-kbira ta\u2019 qabel il-festa, organizzata mill-Kummissjoni Festa tal-G\u0127aqda Ka\u017cin Banda San Filep AD1851. Kien hemm divertiment minn kantanti u kummidjanti fosthom Joe Demicoli.<\/li>\n<li><strong>Il-\u0126add 3 ta\u2019 \u0120unju<\/strong>, filg\u0127odu sar ir-ri\u010beviment annwali tas-Sezzjoni \u017bg\u0127a\u017cag\u0127 fil-ka\u017cin. Beda jitqassam il-ktieb tal-festa mitbug\u0127 mill-G\u0127aqda Ka\u017cin Banda San Filep AD1851. Sar ukoll it-tberik tal-Grupp tan-nar fil-ftu\u0127 ta\u2019 \u0121img\u0127a li matulha dawn ja\u0127dmu bla nifs biex jippre\u017centaw lill-pubbliku l-wirjiet pirotekni\u010bi li jkunu ppreparaw matul is-sena. Filg\u0127axija il-Banda San Filep g\u0127amlet mar\u010b fi tmiem il-funzjoni tal-\u0127ru\u0121 tal-istatwa ta\u2019 San Filep min-ni\u010b\u010ba. Beda minn fuq iz-zuntier tal-Knisja Ar\u010bipretali u g\u0127adda g\u0127al Misra\u0127 San Filep u Triq Sciortino. Is-St Philip Fireworks Factory \u0127arqet diversi murtali tal-beraq o\u0127rajn tal-kulur u kaxxa nfernali.<\/li>\n<li><strong>It-Tnejn 4 ta\u2019 \u0120unju<\/strong>, l-G\u0127aqda Ka\u017cin Banda San Filep organizzat ri\u010beviment annwali g\u0127all-mistednin spe\u010bjali u benefatturi.<\/li>\n<li><strong>It-Tlieta 5 ta\u2019 \u0120unju<\/strong>, l-Banda Santa Marija tal-Qrendi, mistiedna mil-Banda San Filep, g\u0127amlet mar\u010b briju\u017c ma diversi toroq ta\u2019 \u0126a\u017c-\u017bebbu\u0121. Il-qofol intla\u0127aq f\u2019misra\u0127 San Filep, fejn numru kbir ta\u2019 partitarji \u017cg\u0127a\u017cag\u0127 ing\u0127aqdu mal-mar\u010b u \u0127olqu atmosfera ta\u2019 briju.<\/li>\n<li><strong>Il-\u0126amis 7<\/strong> <strong>ta\u2019 \u0120unju<\/strong>, il-mar\u010b tradizzjonali tat-tieni tridu mill-Banda San Filep ng\u0127ata forma \u0121dida li jidher li ntlaqg\u0127et tajjeb.Wara li b\u0127as-soltu bdiet minn fuq iz-zuntier, il-banda mxiet ma parti minn Triq Sciortino, Lura fil-pjazza, l-banda telg\u0127et fuq il-plan\u010bier fejn ta\u0127t id-direzzjoni ta\u2019 Mro. Richard Bugeja esegwit kun\u010bert b\u2019selezzjoni ta\u2019 mu\u017cika moderna li ni\u017clet sew ma dawk pre\u017centi. Matul dan il-programm is-sezzjoni \u017cg\u0127a\u017cag\u0127 \u017can\u017cnet imrew\u0127a \u0121dida kbira li d-dimensjonijiet tag\u0127ha jag\u0127mluha unika g\u0127al Malta. Il-mar\u010b imbag\u0127ad kompla minn \u0127dejn il- Coronation Bar sa quddiem il-ka\u017cin fost briju kbir. Fi tmiem dan il-mar\u010b kien imiss lis-St Philip Fireworks Factory li tat esibizzjoni ta\u2019 nar tal-art f\u2019Misra\u0127 San Filep.<\/li>\n<\/ul>\n<p><a href=\"http:\/\/www.bandasanfilep.com.mt\/wp-content\/uploads\/2014\/12\/Pic10.jpg\"><img loading=\"lazy\" decoding=\"async\" class=\"alignnone size-medium wp-image-227\" src=\"http:\/\/www.bandasanfilep.com.mt\/wp-content\/uploads\/2014\/12\/Pic10-300x169.jpg\" alt=\"Pic10\" width=\"300\" height=\"169\" \/><\/a> <a href=\"http:\/\/www.bandasanfilep.com.mt\/wp-content\/uploads\/2014\/12\/Pic11.jpg\"><img loading=\"lazy\" decoding=\"async\" class=\"alignnone size-medium wp-image-228\" src=\"http:\/\/www.bandasanfilep.com.mt\/wp-content\/uploads\/2014\/12\/Pic11-300x169.jpg\" alt=\"Pic11\" width=\"300\" height=\"169\" \/><\/a> <a href=\"http:\/\/www.bandasanfilep.com.mt\/wp-content\/uploads\/2014\/12\/Pic12.jpg\"><img loading=\"lazy\" decoding=\"async\" class=\"alignnone size-medium wp-image-229\" src=\"http:\/\/www.bandasanfilep.com.mt\/wp-content\/uploads\/2014\/12\/Pic12-300x169.jpg\" alt=\"Pic12\" width=\"300\" height=\"169\" \/><\/a> <a href=\"http:\/\/www.bandasanfilep.com.mt\/wp-content\/uploads\/2014\/12\/Pic13.jpg\"><img loading=\"lazy\" decoding=\"async\" class=\"alignnone size-medium wp-image-230\" src=\"http:\/\/www.bandasanfilep.com.mt\/wp-content\/uploads\/2014\/12\/Pic13-300x169.jpg\" alt=\"Pic13\" width=\"300\" height=\"169\" \/><\/a> <a href=\"http:\/\/www.bandasanfilep.com.mt\/wp-content\/uploads\/2014\/12\/Pic14.jpg\"><img loading=\"lazy\" decoding=\"async\" class=\"alignnone size-medium wp-image-231\" src=\"http:\/\/www.bandasanfilep.com.mt\/wp-content\/uploads\/2014\/12\/Pic14-300x169.jpg\" alt=\"Pic14\" width=\"300\" height=\"169\" \/><\/a> <a href=\"http:\/\/www.bandasanfilep.com.mt\/wp-content\/uploads\/2014\/12\/Pic15.jpg\"><img loading=\"lazy\" decoding=\"async\" class=\"alignnone size-medium wp-image-232\" src=\"http:\/\/www.bandasanfilep.com.mt\/wp-content\/uploads\/2014\/12\/Pic15-300x169.jpg\" alt=\"Pic15\" width=\"300\" height=\"169\" \/><\/a> <a href=\"http:\/\/www.bandasanfilep.com.mt\/wp-content\/uploads\/2014\/12\/Pic16.jpg\"><img loading=\"lazy\" decoding=\"async\" class=\"alignnone size-medium wp-image-233\" src=\"http:\/\/www.bandasanfilep.com.mt\/wp-content\/uploads\/2014\/12\/Pic16-300x169.jpg\" alt=\"Pic16\" width=\"300\" height=\"169\" \/><\/a> <a href=\"http:\/\/www.bandasanfilep.com.mt\/wp-content\/uploads\/2014\/12\/Pic17.jpg\"><img loading=\"lazy\" decoding=\"async\" class=\"alignnone size-medium wp-image-234\" src=\"http:\/\/www.bandasanfilep.com.mt\/wp-content\/uploads\/2014\/12\/Pic17-300x169.jpg\" alt=\"Pic17\" width=\"300\" height=\"169\" \/><\/a> <a href=\"http:\/\/www.bandasanfilep.com.mt\/wp-content\/uploads\/2014\/12\/Pic18.jpg\"><img loading=\"lazy\" decoding=\"async\" class=\"alignnone size-medium wp-image-235\" src=\"http:\/\/www.bandasanfilep.com.mt\/wp-content\/uploads\/2014\/12\/Pic18-300x169.jpg\" alt=\"Pic18\" width=\"300\" height=\"169\" \/><\/a> <a href=\"http:\/\/www.bandasanfilep.com.mt\/wp-content\/uploads\/2014\/12\/Pic19.jpg\"><img loading=\"lazy\" decoding=\"async\" class=\"alignnone size-medium wp-image-236\" src=\"http:\/\/www.bandasanfilep.com.mt\/wp-content\/uploads\/2014\/12\/Pic19-300x169.jpg\" alt=\"Pic19\" width=\"300\" height=\"169\" \/><\/a> <a href=\"http:\/\/www.bandasanfilep.com.mt\/wp-content\/uploads\/2014\/12\/Pic20.jpg\"><img loading=\"lazy\" decoding=\"async\" class=\"alignnone size-medium wp-image-237\" src=\"http:\/\/www.bandasanfilep.com.mt\/wp-content\/uploads\/2014\/12\/Pic20-300x169.jpg\" alt=\"Pic20\" width=\"300\" height=\"169\" \/><\/a><\/p>\n<ul>\n<li><strong>Il-\u0120img\u0127a 8<\/strong> <strong>ta\u2019 \u0120unju<\/strong>, b\u0127as-snin l-img\u0127oddija s-St Philip Fireworks Factory tellg\u0127et spettaklu ta\u2019 nar tal-art mekkanizzat. In-nies \u0127onqu Misra\u0127 San Filep sabiex jassistu g\u0127al dan l-ispettaklu li ftit tara b\u0127alu fil-g\u017cira Maltija.<\/li>\n<li><strong>Is-Sibt 9<\/strong> <strong>ta\u2019 \u0120unju<\/strong>, lejlet il-festa tal-patrun San Filep, il-Banda San Filep ta\u0127t id-direzzjoni ta\u2019 Mro Richard Bugeja, tellg\u0127et programm vokali u strumentali minn fuq il-plan\u010bier tal-istess g\u0127aqda. Kien programm sabi\u0127 u varjat b\u2019siltiet b\u0127al La Vita e Bella ta\u2019 Nicola Piovani, Caruso, Robin Hood Prince of Thieves ta\u2019 Michael Kamen, Amigos Para Siempre ta\u2019 Andrew Lloyd Weber u l-overture minn Orpheus in the Underworld ta\u2019 Jacques Offenbach.\u00a0Matul dan il-programm is-St Philip Fireworks Factory tellg\u0127et ukoll spettaklu kbir ta\u2019 nar tal-ajru li jin\u0127araq mis-sistema \u201cFire-one\u201d kif ukoll numru ta\u2019 murtali tal-beraq u tal-kulur ma\u0127ruq bil-mod tradizzjonali.<\/li>\n<\/ul>\n<p><a href=\"http:\/\/www.bandasanfilep.com.mt\/wp-content\/uploads\/2014\/12\/Pic21.jpg\"><img loading=\"lazy\" decoding=\"async\" class=\"alignnone size-medium wp-image-238\" src=\"http:\/\/www.bandasanfilep.com.mt\/wp-content\/uploads\/2014\/12\/Pic21-300x169.jpg\" alt=\"Pic21\" width=\"300\" height=\"169\" \/><\/a> <a href=\"http:\/\/www.bandasanfilep.com.mt\/wp-content\/uploads\/2014\/12\/Pic22.jpg\"><img loading=\"lazy\" decoding=\"async\" class=\"alignnone size-medium wp-image-239\" src=\"http:\/\/www.bandasanfilep.com.mt\/wp-content\/uploads\/2014\/12\/Pic22-300x169.jpg\" alt=\"Pic22\" width=\"300\" height=\"169\" \/><\/a> <a href=\"http:\/\/www.bandasanfilep.com.mt\/wp-content\/uploads\/2014\/12\/Pic23.jpg\"><img loading=\"lazy\" decoding=\"async\" class=\"alignnone size-medium wp-image-240\" src=\"http:\/\/www.bandasanfilep.com.mt\/wp-content\/uploads\/2014\/12\/Pic23-300x169.jpg\" alt=\"Pic23\" width=\"300\" height=\"169\" \/><\/a> <a href=\"http:\/\/www.bandasanfilep.com.mt\/wp-content\/uploads\/2014\/12\/Pic24.jpg\"><img loading=\"lazy\" decoding=\"async\" class=\"alignnone size-medium wp-image-241\" src=\"http:\/\/www.bandasanfilep.com.mt\/wp-content\/uploads\/2014\/12\/Pic24-300x169.jpg\" alt=\"Pic24\" width=\"300\" height=\"169\" \/><\/a> <a href=\"http:\/\/www.bandasanfilep.com.mt\/wp-content\/uploads\/2014\/12\/Pic25.jpg\"><img loading=\"lazy\" decoding=\"async\" class=\"alignnone size-medium wp-image-242\" src=\"http:\/\/www.bandasanfilep.com.mt\/wp-content\/uploads\/2014\/12\/Pic25-300x169.jpg\" alt=\"Pic25\" width=\"300\" height=\"169\" \/><\/a> <a href=\"http:\/\/www.bandasanfilep.com.mt\/wp-content\/uploads\/2014\/12\/Pic26.jpg\"><img loading=\"lazy\" decoding=\"async\" class=\"alignnone size-medium wp-image-243\" src=\"http:\/\/www.bandasanfilep.com.mt\/wp-content\/uploads\/2014\/12\/Pic26-300x169.jpg\" alt=\"Pic26\" width=\"300\" height=\"169\" \/><\/a> <a href=\"http:\/\/www.bandasanfilep.com.mt\/wp-content\/uploads\/2014\/12\/Pic27.jpg\"><img loading=\"lazy\" decoding=\"async\" class=\"alignnone size-medium wp-image-244\" src=\"http:\/\/www.bandasanfilep.com.mt\/wp-content\/uploads\/2014\/12\/Pic27-300x169.jpg\" alt=\"Pic27\" width=\"300\" height=\"169\" \/>\u00a0<img loading=\"lazy\" decoding=\"async\" class=\"alignnone size-medium wp-image-245\" src=\"http:\/\/www.bandasanfilep.com.mt\/wp-content\/uploads\/2014\/12\/Pic28-300x169.jpg\" alt=\"Pic28\" width=\"300\" height=\"169\" \/><\/a><\/p>\n<ul>\n<li><strong>Il-\u0126add 10 ta\u2019 \u0120unju<\/strong>, il-Banda San Filep tellg\u0127et il-mar\u010b tradizzjonali ta\u2019 jum il-festa li beda min fuq iz-zuntier tal-Knisja Ar\u010bipretali g\u0127ad-diversi toroq ta\u2019 \u0126a\u017c-\u017bebbu\u0121. Il-qofol intla\u0127aq f\u2019Misra\u0127 San Filep, b\u2019numru kbir ta\u2019 \u017cg\u0127a\u017cag\u0127 lebsin il-kulur a\u0127dar li d-dommina lill-istess misra\u0127. Fis-19:00, il-Baned Queen Victoria ta\u017c-\u017burrieq u Pinto ta\u2019 \u0126al-Qormi, mistiedna tal-Banda San Filep, g\u0127amlu mar\u010b fil-pjazza u xi toroq ta\u2019 madwar u wara l-istess baned g\u0127amlu programmi mu\u017cikali wa\u0127da fuq palk quddiem iz-zuntier u l-o\u0127ra fuq il-plan\u010bier tal-Banda San Filep. Dawn sellmu lill-istatwa ta\u2019 San Filep waqt li din g\u0127addiet pro\u010bessjonalment minn quddiemhom. Fid-21:00, il-Banda San Bartilmew tal-G\u0127arg\u0127ur, mistiedna tal-Banda San Filep, laqg\u0127et il-pur\u010bissjoni bl-istatwa ta\u2019 San Filep \u0127dejn il-Kappella tad-Duluri. Meta l-pur\u010bissjoni qasmet Misra\u0127 San Filep u waslet fuq iz-zuntier, din il-banda kienet hemm lesta biex ter\u0121a\u2019 tilqaha sakemm tid\u0127ol fil-knisja. Is-St. Philip Fireworks Factory tat spettaklu ta\u2019 nar tal-ajru matul il-\u0127in kollu tal-pur\u010bissjoni. Dan beda b\u2019salut, kompla bil-kaxxa tal-\u0127ru\u0121, murtali u murtaletti. Mal-\u0127in l-ispettaklu qaleb g\u0127all-kulur u g\u0127alaq bil-kaxxa tad-d\u0127ul. Wara d-d\u0127ul tal-pur\u010bissjoni waslu fil-knisja il-grupp tan-nar biex jirringrazzjaw u jsellmu lil San Filep bil-fjuri. Wara l-barka il-Banda San Bartilmew tal-G\u0127arg\u0127ur, g\u0127amlet il-mar\u010b ta\u2019 l-a\u0127\u0127ar g\u0127ad-dilettanti tan-nar, li beda minn fuq iz-zuntier u mexa g\u0127al Misra\u0127 San Filep u Triq il-Kbira u ntemm f\u2019nofs il-lejl quddiem il-Ka\u017cin San Filep, fl-g\u0127eluq tal-festa.<\/li>\n<li><strong>It-Tlieta 12 ta\u2019 \u0120unju<\/strong>, fil-ka\u017cin saret l-ikla ta\u2019 wara l-festa organizzata mis-Sezzjoni Nisa tal-ka\u017cin.<\/li>\n<li><strong>L-Erbg\u0127a 13 ta\u2019 \u0120unju<\/strong> fil-Knisja Ar\u010bipretali saret quddiesa ta\u2019 radd il-\u0127ajr g\u0127al festa li \u0121iet mitmuma b\u2019wi\u010b\u010b il-\u0121id.<\/li>\n<\/ul>\n","protected":false},"excerpt":{"rendered":"<p>B\u0127al snin o\u0127ra l-festa nfet\u0127et uffi\u010bjalment fit-12 ta\u2019 Mejju, l-jum litur\u0121iku tal-patrun ta\u2019 \u0126a\u017c-\u017bebbu\u0121, San Filep. Il-Banda San Filep iffurmata fil-parti l-kbira minn bandisti \u017cg\u0127a\u017cag\u0127 tal-post li saru jla\u0127\u0127qu l-\u0127amsin, esegwit mar\u010b briju\u017c ma diversi toroq tar-ra\u0127al fejn kienet akkumpanjata minn numru sabi\u0127 ta\u2019partitarji. Il-briju la\u0127aq il-qofol tieg\u0127u hekk kif waslet fil-vi\u010binanzi tal-ka\u017cin. Is-St Philip [&hellip;]<\/p>\n","protected":false},"author":1,"featured_media":0,"parent":0,"menu_order":0,"comment_status":"closed","ping_status":"open","template":"page-templates\/page-sidebar-none.php","meta":{"footnotes":""},"class_list":["post-216","page","type-page","status-publish","hentry"],"_links":{"self":[{"href":"https:\/\/bandasanfilep.com.mt\/index.php\/wp-json\/wp\/v2\/pages\/216","targetHints":{"allow":["GET"]}}],"collection":[{"href":"https:\/\/bandasanfilep.com.mt\/index.php\/wp-json\/wp\/v2\/pages"}],"about":[{"href":"https:\/\/bandasanfilep.com.mt\/index.php\/wp-json\/wp\/v2\/types\/page"}],"author":[{"embeddable":true,"href":"https:\/\/bandasanfilep.com.mt\/index.php\/wp-json\/wp\/v2\/users\/1"}],"replies":[{"embeddable":true,"href":"https:\/\/bandasanfilep.com.mt\/index.php\/wp-json\/wp\/v2\/comments?post=216"}],"version-history":[{"count":1,"href":"https:\/\/bandasanfilep.com.mt\/index.php\/wp-json\/wp\/v2\/pages\/216\/revisions"}],"predecessor-version":[{"id":5928,"href":"https:\/\/bandasanfilep.com.mt\/index.php\/wp-json\/wp\/v2\/pages\/216\/revisions\/5928"}],"wp:attachment":[{"href":"https:\/\/bandasanfilep.com.mt\/index.php\/wp-json\/wp\/v2\/media?parent=216"}],"curies":[{"name":"wp","href":"https:\/\/api.w.org\/{rel}","templated":true}]}}