{"id":3101,"date":"2018-07-28T10:32:09","date_gmt":"2018-07-28T09:32:09","guid":{"rendered":"https:\/\/www.bandasanfilep.com.mt\/?page_id=3101"},"modified":"2025-07-14T16:20:49","modified_gmt":"2025-07-14T16:20:49","slug":"rev-alexander-zammit-mckeon-1881-1959","status":"publish","type":"page","link":"https:\/\/bandasanfilep.com.mt\/index.php\/rev-alexander-zammit-mckeon-1881-1959\/","title":{"rendered":"Rev. Alexander Zammit McKeon (1881 \u2013 1959)"},"content":{"rendered":"<p><!--pixgridder:row[cols=1]--><!--pixgridder:column[col=1]--><\/p>\n<figure id=\"attachment_3102\" aria-describedby=\"caption-attachment-3102\" style=\"width: 234px\" class=\"wp-caption alignleft\"><a href=\"https:\/\/www.bandasanfilep.com.mt\/wp-content\/uploads\/2018\/07\/Rev.-Alexander-Zammit-McKeon.jpg\"><img loading=\"lazy\" decoding=\"async\" class=\"wp-image-3102 size-medium\" src=\"https:\/\/www.bandasanfilep.com.mt\/wp-content\/uploads\/2018\/07\/Rev.-Alexander-Zammit-McKeon-234x300.jpg\" alt=\"\" width=\"234\" height=\"300\" \/><\/a><figcaption id=\"caption-attachment-3102\" class=\"wp-caption-text\">Rev. Alexander Zammit McKeon<\/figcaption><\/figure>\n<p style=\"text-align: justify;\">Rev. Alexander Zammit McKeon twieled \u0126a\u017c-\u017bebbu\u0121 fil-5 ta\u2019 Settembru tal-1881, minn Joseph Zammit u Helen imwielda McKeon. Ommu kienet minn Coleraine, l-Irlanda. Huwa tg\u0127ammed l-g\u0127ada fil-Parro\u010b\u010ba ta\u2019 San Filep \u0121ewwa \u0126a\u017c-\u017bebbu\u0121. Il-parrini tieg\u0127u kienu Antonio Demajo u Michelina Pisani. Kellu wkoll \u0127utu: Alfred, Johnny, Concetta, \u0120u\u017ceppi u Margaret. Fl-21 ta\u2019 Di\u010bembru tal-1907 \u0121ie ordnat sa\u010berdot. Fi \u017cmien l-ista\u0121un tal-insib, Dun Sander kien iqaddes fit-tlieta u nofs ta\u2019 filg\u0127odu g\u0127an-nassaba.<br \/>\nKien Kap tal-Iskola tal-Gvern fl-Im\u0121arr, Malta u wara f\u2019\u0126a\u017c-\u017bebbu\u0121. Fil-fatt \u0127afna anzjani jiftakruh bil-bastun (drill cane tal-fizzjali) dejjem f\u2019idejh biex imexxi t-tfal u j\u017comm id-dixxiplina.<\/p>\n<p style=\"text-align: justify;\">Dun Sander kien kantant b\u2019vu\u010bi ta\u2019 tenur prim kif ukoll mu\u017cikant. Fil-fatt kien ikkompona quddiesa g\u0127al \u017cmien il-Milied, li ri\u010bentament kienet tindaqq ta\u0127t id-direzzjoni tas-Surmast Charles Cachia. Huwa kkompona wkoll Beata Maria Vergine &#8211; Latania, Tantum Ergo, Immaculatae Conceptionis &#8211; Antifona, Lauda Sion, O Lord I Am Not Worthy, Pastorale per Santo Natale, Sacrament Most Holy, Sacrum Convivium u Sweet Heart of Jesus. Dawn il-manuskritti qeg\u0127din merfug\u0127in b\u2019g\u0127o\u017c\u017ca kbira fl-arkivju tal-G\u0127aqda Ka\u017cin Banda San Filep. Dan is-sa\u010berdot kien ukoll jidderie\u0121i l-kor tal-qassisin li kienu jkantaw waqt il-quddies fil-kor tal-knisja wara l-artal ma\u0121\u0121ur. Fl-Epifanija ta\u2019 kull sena, ji\u0121ifieri nhar is-6 ta\u2019 Jannar, Dun Sander kien jitla\u2019 fil-pulptu tal-knisja ar\u010bipretali u kien ikanta bil-Latin it-t\u0127abbir tal-festi prin\u010bipali ta\u2019 matul is-sena akkademika. Matul il-\u0120img\u0127a Mqaddsa, ir-rakkont tal-Passjoni ta\u2019 Sidna \u0120es\u00f9 Kristu mag\u0127ruf b\u0127ala l-\u2018passju\u2019 kien ikantah Dun Sander bil-Latin. F\u2019dawk i\u017c-\u017cminijiet il-quddies g\u0127all-mejtin kien isir f\u2019forma ta\u2019 kantata u jitqaddes fuq l-artal tal-erwie\u0127. Il-kant kien isir ukoll minn Dun Sander g\u0127ax kellu vu\u010bi tenorili tajba \u0127afna, li tg\u0127axxqek. Fl-1958 Dun Sander immu\u017cika ktieb g\u0127all-festa tal-Madonna tar-Ru\u017carju, bl-isem Cantus Notis Gregorianis. Kien il-prokuratur tal-knisja ta\u2019 dak i\u017c-\u017cmien Dun Salv Zammit li kien jiddettalu l-kant. Din il-mu\u017cika kien irregalaha lil Dun Luret Callus.<\/p>\n<p style=\"text-align: justify;\">F\u2019April ta\u2019 kull sena Dun Sander u Pinu Zammit \u2018Ta\u2019 Germuda\u2019 kienu jmorru g\u0127all-ka\u010b\u010ba tal-gamiem l-Im\u0121arr kif ukoll il-Wardija. Hawnhekk fil-Wardija matul il-lejl kienu jorqdu fir-razzet \u2018Ta\u2019 Marjan\u2019. Pinu Zammit kien i\u0121orr il-gabjun, ix-xbiek u l-lasti bil-karettun sal-Im\u0121arr u anke l-Wardija. Ta\u2019 min isemmi wkoll li fil-bidu ta\u2019 dan id-delizzju Dun Sander kien jisellef is-senter ta\u2019 6 millimeter ming\u0127and Vestru Coliero \u2018Ta\u2019 Katambu\u2019. Huwa kien ukoll dilettant \u0127afna tal-g\u0127asafar, summien u gamiem. Dun Sander kien ipejjep \u2019il fuq minn mitt sigarett kuljum, \u0121eneralment Players jew Camel u meta t-tifel Philip ta\u2019 neputi tieg\u0127u Joe kien imur jixtrilu s-sigaretti minng\u0127and Mikiel Buhagar \u2018Il-Bajla\u2019 ta\u2019 fejn Santu Rokku, Dun Sander dak i\u017c-\u017cmien kien jag\u0127tih six pence (\u20ac0.06). Dal il-qassis kien jag\u0127ti wkoll l-lezzjonijiet tal-privat lill-istudenti tal-Ingli\u017c u l-Matematika fid-dar tieg\u0127u ming\u0127ajr ebda \u0127las u kien ukoll wie\u0127ed mi\u010b-\u010bampjins tal-biljard. Dak i\u017c-\u017cmien, peress li ma kienx hawn il-mezzi biex ikes\u0127u l-ikel b\u0127all-fri\u0121\u0121, fis-sajf kien ini\u017c\u017cel flixkun inbied u g\u0127anqud g\u0127eneb fil-barmil tal-bir u j\u017commu sa wi\u010b\u010b l-ilma g\u0127al ftit sig\u0127at biex ikun frisk. Fost \u0127utu kellu lill-Prokuratur Legali Alfred Zammit li kien jo\u0127ro\u0121 g\u0127all-politika mal-Partit ta\u2019 Strickland. Dan huwa n-nannu ta\u2019 Mons. Victor Zammit McKeon.<\/p>\n<p style=\"text-align: justify;\">Dun Alexander Zammit McKeon in\u0127atar President tal-Ka\u017cin Banda San Filep mis-sena 1931 sas-sena 1939.<\/p>\n<p style=\"text-align: justify;\">Dawn huma l-avvenimenti li se\u0127\u0127ew matul is-snin li fihom Dun Alexander Zammit McKeon serva ta\u2019 President:-<\/p>\n<table>\n<tbody>\n<tr>\n<td width=\"92\">19\/03\/1931<\/td>\n<td width=\"100%\">Dun Alexander Zammit McKeon in\u0127atar President tal-Ka\u017cin Banda San Filep (1931 &#8211; 1939).<\/td>\n<\/tr>\n<tr>\n<td width=\"92\">11\/05\/1931<\/td>\n<td width=\"100%\">Tkanta g\u0127all-ewwel darba l-<em>Innu tal-Banda San Filep<\/em> fuq mu\u017cika ta\u2019 Mro Adeodato Gatt u versi tal-Professur Philip Farrugia.<\/td>\n<\/tr>\n<tr>\n<td width=\"92\">24\/05\/1931<\/td>\n<td width=\"100%\">Il-Banda San Filep \u0127adet sehem fil-korteo tal-Kungress li kien sar f\u2019\u0126a\u017c-\u017bebbu\u0121 minn Bieb De Rohan sa Misra\u0127 San Filep. Kienu\u00a0 ndaqqu l-<em>Innu tal-Papa,\u00a0 l-Innu tax-Xirka, Noi Vogliam Dio<\/em> u <em>Innu lill-Madonna ta\u2019 Lourdes.<\/em><\/td>\n<\/tr>\n<tr>\n<td width=\"92\">1932<\/td>\n<td width=\"100%\">Inxtrat il-mejda tal-biljard u fil-Ka\u017cin Banda San Filep bdew ji\u0121u organizzati kompetizzjonijiet tal-biljard.<\/td>\n<\/tr>\n<tr>\n<td width=\"92\">&#8230;.\/02\/1933<\/td>\n<td width=\"100%\">F\u2019g\u0127eluq l-g\u0127axar snin li l-Ka\u017cin Banda San Filep kien ilu fid-dar pre\u017centi, saret festa tal-kommemorazzjoni tal-Ka\u017cin. Il-Banda San Filep esegwiet programm mu\u017cikali ta\u0127t id-direzzjoni ta\u2019 Mro Adeodato Gatt.<\/td>\n<\/tr>\n<tr>\n<td width=\"92\">09\/05\/1933<\/td>\n<td width=\"100%\">Is-so\u010bi tal-G\u0127aqda Ka\u017cin Banda San Filep bdew \u0127idma bla heda biex jin\u0127adem l-armar tat-toroq ewlenin. I\u017c\u017can\u017cnet l-istatwa ta\u2019 San Filep qed jiskon\u0121ra u ntramat fuq l-istrippi quddiem il-Knisja tal-An\u0121li. Din in\u0127admet G\u0127awdex mill-Komm Wistin Camilleri O.S.J., P.E.P. (Dan l-artisi ing\u0127ata l-titlu ta\u2019 Kommendatur (grad og\u0127la minn Kavallier) mill-Ordni tal-Kavallieri ta\u2019 San \u0120wann (O.S.J.). B\u0127ala rikonoxximent g\u0127ax-xog\u0127ol artistiku tieg\u0127u, Wistin Camilleri ng\u0127ata wkoll l-unur <em>Pro Ecclesia et Pontifice <\/em>(P.E.P.) \u00a0mill-Papa Pawlu VI).<\/td>\n<\/tr>\n<tr>\n<td width=\"92\">21\/10\/1934<\/td>\n<td width=\"100%\">Il-Banda tal-Ammirall \u017caret lil \u0126a\u017c-\u017bebbu\u0121 u g\u0127amlet servizz mu\u017cikali. Wara ntlaqg\u0127et fil-Ka\u017cin Banda San Filep fejn sarilha ri\u010beviment.<\/td>\n<\/tr>\n<tr>\n<td width=\"92\">12\/12\/1934<\/td>\n<td width=\"100%\">Il-Ka\u017cin Banda San Filep kien l-ewwel so\u010bjet\u00e0 so\u010bjali li fis-sede tieg\u0127u da\u0127\u0127al l-ewwel radju. Dan kien tat-tip <em>Vincent Kind Radio Philco<\/em> u kien sewa \u00a345 jew \u20ac104.82. G\u0127al dak i\u017c-\u017cmien, is-somma li ntefqet hi kkunsidrata kbira.<\/td>\n<\/tr>\n<tr>\n<td width=\"92\">1934<\/td>\n<td width=\"100%\">Il-Ka\u017cin Banda San Filep kien minn tal-ewwel li feta\u0127 banka tal-lottu fuq inizjattiva li l-Gvern kien g\u0127amel biex dawn l-asso\u010bjazzjonijiet ji\u0121u meg\u0127juna finanzjarjament.<\/td>\n<\/tr>\n<tr>\n<td width=\"92\">04\/05\/1935<\/td>\n<td width=\"100%\">Il-Banda San Filep i\u010b\u010belebrat bil-kbir il-\u0121ublew tal-fidda tal-Maest\u00e0 Tieg\u0127u r-Re \u0120or\u0121 V, b\u0127ala Re tal-Imperu Ingli\u017c. Il-Banda San Filep \u0127adet sehem b\u2019mar\u010b u programm vokali u strumentali fil-Belt Valletta.<\/td>\n<\/tr>\n<tr>\n<td width=\"92\">06\/05\/1935<\/td>\n<td width=\"100%\">Sar programm mu\u017cikali f\u2019Misra\u0127 San Filep mill-ewwel battaljun ta\u2019 Wellington, <em>The Duke of Wellington Regiment<\/em>. Wara, din il-banda \u0121iet mistiedna g\u0127alrep\u00f2 fil-Ka\u017cin Banda San Filep. Bejn id-21.15 u d-21.30 g\u0127addew jittajru \u017cew\u0121 ajruplani mdawlin tat-tip <em>Tutor<\/em> minn fuq \u0126a\u017c-\u017bebbu\u0121. Il-pjazza kienet mixg\u0127ula bil-bozo z.<\/td>\n<\/tr>\n<tr>\n<td width=\"92\">11\/05\/1935<\/td>\n<td width=\"100%\">Fit-tmienja ta\u2019 filg\u0127axija l-Banda San Filep ta\u0127t id-direzzjoni tas-surmast Direttur tal-Banda Mro Adeodato Gatt, esegwiet programm vokali u strumentali bis-sehem tal-kor tat-tfal tal-iskola primarja ta\u2019 \u0126a\u017c-\u017bebbu\u0121. Dakinhar indaqq g\u0127all-ewwel darba l-<em>Omaggio alla Banda San Filippo<\/em> fejn mal-ewwel battuti tieg\u0127u, il-pjazza splodiet bil-briju, \u0127ruq ta\u2019 musketterija, sfafar u log\u0127ob tan-nar. Dan l-<em>omaggio<\/em> nkiteb g\u0127all-84 anniversarju tal-Banda San Filep\u00a0 minn Mro Adeodato Gatt.<\/td>\n<\/tr>\n<tr>\n<td width=\"92\">1935<\/td>\n<td width=\"100%\">In-nies ta\u2019 \u0126al Dwin g\u0127amlu festa lill-Madonna tar-Ru\u017carju li hemm fil-pjazza. G\u0127al din l-okka\u017cjoni l-Banda San Filep \u0121iet mistiedna biex tag\u0127mel mar\u010b minn \u0127dejn il-Knisja tal-Madonna tal-An\u0121li sa \u0126al Dwin u wara sar programm mu\u017cikali. \u0120ie rregalat standard bl-arma ta\u2019 De Rohan u tazza lill-Banda.<\/td>\n<\/tr>\n<tr>\n<td width=\"92\">12\/05\/1936<\/td>\n<td width=\"100%\">Il-Gvernatur ta\u2019 Malta Sir Charles u Lady Bonham Carter \u017caru \u0126a\u017c-\u017bebbu\u0121 u l-Ka\u017cin Banda San Filep.<\/td>\n<\/tr>\n<tr>\n<td width=\"92\">26\/03\/1937<\/td>\n<td width=\"100%\">Miet Mro Salvatore Mallia fis-Si\u0121\u0121iewi. Is-So\u010bjet\u00e0 Filarmonika San Filippo attendiet b\u2019rappre\u017centanza kbira mill-kumitat,\u00a0 bandisti u membri li \u0127adu mag\u0127hom il-bandalora tas-So\u010bjet\u00e0. G\u0127aqdiet Mu\u017cikali o\u0127rajn minn kull lokalit\u00e0 ta\u2019 Malta kif ukoll mill-banda re\u0121imentali tal-RMA kienu rappre\u017centati permezz ta\u2019 sitta u tletin standard. Bosta kuruni\u00a0 tal-ward akkumpanjaw ukoll it-tebut tal-mejjet surmast u l-isba\u0127 kuruna kienet dik li ng\u0127atat minn wie\u0127ed tallab mill-Belt Valletta, li mieg\u0127u Salvatore Mallia kien ferm karitattiv.<\/td>\n<\/tr>\n<tr>\n<td width=\"92\">08\/05\/1937<\/td>\n<td width=\"100%\">L-istatwa ta\u2019 San Filep qed jiskon\u0121ra bdiet tintrama fuq il-pedestall tag\u0127ha quddiem il-<em>Coronation Bar <\/em>fi <em>Strada Reale<\/em>. Dan il-pedestall in\u0127adem mill-Img\u0127allem David Camilleri. Dam jintrama hawn sal-1966 g\u0127ax wara beda jintrama quddien il-Ka\u017cin Banda San Filep fi Triq Antonio Sciortino.<\/td>\n<\/tr>\n<tr>\n<td width=\"92\">11\/05\/1937<\/td>\n<td width=\"100%\">Il-Ka\u017cin Banda San Filep i\u010b\u010belebra bil-kbir l-inkurunazzjoni\u00a0 tar-Re \u0120or\u0121 VI. Il-Ka\u017cin i\u017c\u017cejjen u dawwal bid-dawl. Il-Banda San Filep esegwiet \u017cew\u0121 programmi mu\u017cikali, wie\u0127ed \u0121ewwa l-Belt Valletta u l-ie\u0127or f\u2019\u0126a\u017c-\u017bebbu\u0121. F\u2019din l-okka\u017cjoni s-So\u010bjet\u00e0 rregalat rigal lis-Surmast Carlo Diacono g\u0127all-mu\u017cika li pprovda lill-Banda San Filep minn \u017cmien g\u0127al ie\u0127or.<\/td>\n<\/tr>\n<tr>\n<td width=\"92\">12\/05\/1937<\/td>\n<td width=\"100%\">Il-festa ta\u2019 San Filep \u0121iet transferita\u00a0 min\u0127abba l-inkurunazzjoni tar-Re \u0120or\u0121 VI. Il-Banda San Filep \u0127adet sehem fi sfilata fil-Belt Valletta.<\/td>\n<\/tr>\n<tr>\n<td width=\"92\">17\/09\/1937<\/td>\n<td width=\"100%\">Il-Ka\u017cin Banda San Filep fakkar il-mitejn\u00a0 sena mit-twelid tal-eroj Malti Dun Mikiel Xerri. Il-Banda San Filep esegwiet programm vokali u strumentali fejn indaqq l-<em>Innu Popolari Lil Dun Mikiel\u00a0 Xerri<\/em> b\u2019mu\u017cika tas-Surmast Carlo Diacono u b\u2019versi ta\u2019 Dun Karm Psaila. It-traskrizzjoni g\u0127all-banda kienet tas-Surmast Adeodato Gatt. Wara nkixfet lapida kommemorattiva mal-fa\u010b\u010bata tar-residenza ta\u2019 dan il-patrijott Malti f\u2019Numru 4 fi Triq Dun Mikiel Xerri. Fil-kumitat organizzattiv kien hemm Dun Luret Callus u Dun Sander Zammit\u00a0 McKeon, li dderie\u0121a l-kor tat-tfal li kanta l-<em>Innu Lil Dun Mikiel\u00a0 Xerri<\/em>.<\/td>\n<\/tr>\n<tr>\n<td width=\"92\">07\/09\/1938<\/td>\n<td width=\"100%\">Pawlu Tonna mag\u0127ruf b\u0127ala z-Zlizz mis-Si\u0121\u0121iewi korra bin-nar waqt li kien qieg\u0127ed ja\u0127dem g\u0127all-festa fil-kamra tan-nar ta\u2019 San Filep u miet ftit jiem wara.<\/td>\n<\/tr>\n<tr>\n<td width=\"92\">11\/09\/1938<\/td>\n<td width=\"100%\">Dun Pawlin Galea \u0127a l-pussess tieg\u0127u b\u0127ala Ar\u010bipriet ta\u2019 \u0126a\u017c-\u017bebbu\u0121. G\u0127al din l-okka\u017cjoni n\u0127ar\u0121et l-istatwa ta\u2019 San Filep min-ni\u010b\u010ba u \u017c\u017cejnet il-knisja. Il-Banda San Filep g\u0127amlet mar\u010b li beda minn fuq iz-zuntier tal-knisja ar\u010bipretali.<\/td>\n<\/tr>\n<tr>\n<td width=\"92\">18\/09\/1938<\/td>\n<td width=\"100%\">Wara l-pur\u010bissjoni tal-Madonna tad-Duluri sar programm mu\u017cikali mill-Banda San Filep f\u2019Misra\u0127 San Filep f\u2019\u0126a\u017c-\u017bebbu\u0121.<\/td>\n<\/tr>\n<\/tbody>\n<\/table>\n<p style=\"text-align: justify;\">Meta fl-1944 kienet se ting\u0127ata x-xabla tal-fidda lil Lord Gort, Dun Sander kien jg\u0127allem il-kant tas-Sword of Honour, l-Innu tal-Banda, l-Innu Malti u God Save the King. Dan g\u0127aliex dawn kienu se jitkantaw fil-programm tal-okka\u017cjoni fl-iskola. G\u0127all-provi kien jattendi wkoll is-Surmast tal-Banda San Filep Adeodato Gatt kif ukoll Karmenu Coleiro li kien bandist prim bil-kurunetta mal-Banda San Filep u g\u0127alliem fl-istess skola tal-Gvern ta\u2019 \u0126a\u017c-\u017bebbu\u0121. Dun Sander kien ukoll fil-kumitat organizzattiv tal-g\u0127oti tax-xabla lil Lord Gort.<\/p>\n<p style=\"text-align: justify;\">Meta Dun Sander irtira min\u0127abba l-et\u00e0, kien \u0121ab permess minng\u0127and l-Ar\u010bisqof ta\u2019 Malta Mons. Mikiel Gonzi biex ikun jista\u2019 jqaddes fid-dar tieg\u0127u. Wara meta Dun Lawrenz Cachia sar qassis, kien imur iqarbnu d-dar tieg\u0127u. Dun Sander \u0127alla din id-dinja fit-22 ta\u2019 \u0120unju tal-1959 fil-\u0127amsa u kwart ta\u2019 filg\u0127axija, fl-g\u0127omor ta\u2019 77 sena u waqt l-agunija kien assistit minn Dun Filippo Gatt u Dun Giuseppe Caruana. Dun Sander kien imkeffen minn \u0120uzeppi Seguna, dan g\u0127aliex meta darba Dun Sander kien il-Ka\u017cin tal-Banda San Filep sema\u2019 lil \u0120u\u017ceppi jitkellem \u0127a\u017cin u dan il-qassis qallu li jekk jer\u0121a\u2019 jisimg\u0127u, jitfg\u0127u mill-gallarija g\u0127al isfel. \u0120u\u017ceppi baqa\u2019 jirrispettah sal-a\u0127\u0127ar u g\u0127amel dan il-\u0121est. Dan is-sa\u010berdot jinsab midfun fil-qabar tal-familja f\u2019kompartament \u010a, \u2116 51 fi\u010b-\u010aimiterju tal-Qalb ta\u2019 \u0120es\u00f9 f\u2019\u0126a\u017c-\u017bebbu\u0121. Min jaf jekk forsi xi darba l-Kunsill Lokali ta\u2019 \u0126a\u017c-\u017bebbu\u0121 isemmi triq g\u0127al Dun Alexander Zammit Mckeon, biex jibqa\u2019 mfakkar fil-memorja?<\/p>\n<figure id=\"attachment_3103\" aria-describedby=\"caption-attachment-3103\" style=\"width: 1024px\" class=\"wp-caption aligncenter\"><a href=\"https:\/\/www.bandasanfilep.com.mt\/wp-content\/uploads\/2018\/07\/Dun-Sander-meta-la\u0127aq-qassis.jpg\"><img loading=\"lazy\" decoding=\"async\" class=\"wp-image-3103 size-large\" src=\"https:\/\/www.bandasanfilep.com.mt\/wp-content\/uploads\/2018\/07\/Dun-Sander-meta-la\u0127aq-qassis-1024x379.jpg\" alt=\"\" width=\"1024\" height=\"379\" \/><\/a><figcaption id=\"caption-attachment-3103\" class=\"wp-caption-text\"><strong>Dun Sander meta la\u0127aq qassis | Il-Kal\u010bi | Il-Palla tal-Kal\u010bi<\/strong><\/figcaption><\/figure>\n<figure id=\"attachment_3104\" aria-describedby=\"caption-attachment-3104\" style=\"width: 1024px\" class=\"wp-caption aligncenter\"><a href=\"https:\/\/www.bandasanfilep.com.mt\/wp-content\/uploads\/2018\/07\/Is-sopra-Kal\u010bi.jpg\"><img loading=\"lazy\" decoding=\"async\" class=\"wp-image-3104 size-large\" src=\"https:\/\/www.bandasanfilep.com.mt\/wp-content\/uploads\/2018\/07\/Is-sopra-Kal\u010bi-1024x499.jpg\" alt=\"\" width=\"1024\" height=\"499\" \/><\/a><figcaption id=\"caption-attachment-3104\" class=\"wp-caption-text\"><strong>Is-sopra Kal\u010bi | Is-Santa ta\u2019 meta sar sa\u010berdot<\/strong><\/figcaption><\/figure>\n<figure id=\"attachment_3105\" aria-describedby=\"caption-attachment-3105\" style=\"width: 1024px\" class=\"wp-caption aligncenter\"><a href=\"https:\/\/www.bandasanfilep.com.mt\/wp-content\/uploads\/2018\/07\/Residenza-Numru-303-Casa-Rohan-fi-Strada-Reale.jpg\"><img loading=\"lazy\" decoding=\"async\" class=\"wp-image-3105 size-large\" src=\"https:\/\/www.bandasanfilep.com.mt\/wp-content\/uploads\/2018\/07\/Residenza-Numru-303-Casa-Rohan-fi-Strada-Reale-1024x342.jpg\" alt=\"\" width=\"1024\" height=\"342\" \/><\/a><figcaption id=\"caption-attachment-3105\" class=\"wp-caption-text\"><strong>Residenza Numru 303, Casa Rohan fi Strada Reale | Il-ktieb Cantus Notis Gregorianis<\/strong><\/figcaption><\/figure>\n<figure id=\"attachment_3106\" aria-describedby=\"caption-attachment-3106\" style=\"width: 1024px\" class=\"wp-caption aligncenter\"><a href=\"https:\/\/www.bandasanfilep.com.mt\/wp-content\/uploads\/2018\/07\/Il-Kumitat-tal-Ka\u017cin-flimkien-mal-Gvernatur-Lord-Gort-fil-\u0120onna-ta\u2019-San-Anton.jpg\"><img loading=\"lazy\" decoding=\"async\" class=\"wp-image-3106 size-large\" src=\"https:\/\/www.bandasanfilep.com.mt\/wp-content\/uploads\/2018\/07\/Il-Kumitat-tal-Ka\u017cin-flimkien-mal-Gvernatur-Lord-Gort-fil-\u0120onna-ta\u2019-San-Anton-1024x442.jpg\" alt=\"\" width=\"1024\" height=\"442\" \/><\/a><figcaption id=\"caption-attachment-3106\" class=\"wp-caption-text\"><strong>Il-Ka\u017cin Banda San Filep fl-1933 | Il-Kumitat tal-Ka\u017cin flimkien mal-Gvernatur Lord Gort fil-\u0120onna ta\u2019 San Anton<\/strong><\/figcaption><\/figure>\n<figure id=\"attachment_3107\" aria-describedby=\"caption-attachment-3107\" style=\"width: 1024px\" class=\"wp-caption aligncenter\"><a href=\"https:\/\/www.bandasanfilep.com.mt\/wp-content\/uploads\/2018\/07\/Il-pittura-ta\u2019-Dun-Sander.jpg\"><img loading=\"lazy\" decoding=\"async\" class=\"wp-image-3107 size-large\" src=\"https:\/\/www.bandasanfilep.com.mt\/wp-content\/uploads\/2018\/07\/Il-pittura-ta\u2019-Dun-Sander-1024x347.jpg\" alt=\"\" width=\"1024\" height=\"347\" \/><\/a><figcaption id=\"caption-attachment-3107\" class=\"wp-caption-text\"><strong>Il-pittura ta\u2019 Dun Sander | Is-senter 6 mm li kien ju\u017ca Dun Sander | Is-sigaretti li kien ipejjep<\/strong><\/figcaption><\/figure>\n<figure id=\"attachment_3109\" aria-describedby=\"caption-attachment-3109\" style=\"width: 1024px\" class=\"wp-caption aligncenter\"><a href=\"https:\/\/www.bandasanfilep.com.mt\/wp-content\/uploads\/2018\/07\/Is-santa-tal-mewt.jpg\"><img loading=\"lazy\" decoding=\"async\" class=\"wp-image-3109 size-large\" src=\"https:\/\/www.bandasanfilep.com.mt\/wp-content\/uploads\/2018\/07\/Is-santa-tal-mewt-1024x484.jpg\" alt=\"\" width=\"1024\" height=\"484\" \/><\/a><figcaption id=\"caption-attachment-3109\" class=\"wp-caption-text\"><strong>Is-santa tal-mewt | Il-qabar fejn jinsab jistrie\u0127 Dun Sander<\/strong><\/figcaption><\/figure>\n<p style=\"text-align: left;\"><strong><u>Referenzi<\/u><\/strong><strong>:-<\/strong><\/p>\n<p style=\"text-align: left;\">Tag\u0127rif  mi\u0121bur ming\u0127and  Mons. Victor Zammit McKeon, Dun Mario Sammut, Carmelo Chircop, Adriana Galea, \u0120anni Zammit, Salvatore Chetcuti, John M. Cutajar, Alfred u Philip Zammit, Joe Axiaq u Joseph Buhagiar. <\/p>\n<p style=\"text-align: left;\">Ka\u017cin Banda San Filep (2001). Il-\u0120rajja tal-Ka\u017cin Banda San Filep.<\/p>\n<p style=\"text-align: left;\">\u00a9 Avvenimenti tal-G\u0127aqda Ka\u017cin Banda San Filep mill-1851 sal-2018.<\/p>\n<p style=\"text-align: right;\">Ri\u010berka tal-Arkivista l-Kav. John Gaf\u00e0 \u00a9 29\/06\/2018<\/p>\n","protected":false},"excerpt":{"rendered":"<p>Rev. Alexander Zammit McKeon twieled \u0126a\u017c-\u017bebbu\u0121 fil-5 ta\u2019 Settembru tal-1881, minn Joseph Zammit u Helen imwielda McKeon. Ommu kienet minn Coleraine, l-Irlanda. Huwa tg\u0127ammed l-g\u0127ada fil-Parro\u010b\u010ba ta\u2019 San Filep \u0121ewwa \u0126a\u017c-\u017bebbu\u0121. Il-parrini tieg\u0127u kienu Antonio Demajo u Michelina Pisani. Kellu wkoll \u0127utu: Alfred, Johnny, Concetta, \u0120u\u017ceppi u Margaret. Fl-21 ta\u2019 Di\u010bembru tal-1907 \u0121ie ordnat sa\u010berdot. [&hellip;]<\/p>\n","protected":false},"author":1,"featured_media":0,"parent":0,"menu_order":0,"comment_status":"closed","ping_status":"closed","template":"page-templates\/page-sidebar-none.php","meta":{"footnotes":""},"class_list":["post-3101","page","type-page","status-publish","hentry"],"_links":{"self":[{"href":"https:\/\/bandasanfilep.com.mt\/index.php\/wp-json\/wp\/v2\/pages\/3101","targetHints":{"allow":["GET"]}}],"collection":[{"href":"https:\/\/bandasanfilep.com.mt\/index.php\/wp-json\/wp\/v2\/pages"}],"about":[{"href":"https:\/\/bandasanfilep.com.mt\/index.php\/wp-json\/wp\/v2\/types\/page"}],"author":[{"embeddable":true,"href":"https:\/\/bandasanfilep.com.mt\/index.php\/wp-json\/wp\/v2\/users\/1"}],"replies":[{"embeddable":true,"href":"https:\/\/bandasanfilep.com.mt\/index.php\/wp-json\/wp\/v2\/comments?post=3101"}],"version-history":[{"count":1,"href":"https:\/\/bandasanfilep.com.mt\/index.php\/wp-json\/wp\/v2\/pages\/3101\/revisions"}],"predecessor-version":[{"id":5971,"href":"https:\/\/bandasanfilep.com.mt\/index.php\/wp-json\/wp\/v2\/pages\/3101\/revisions\/5971"}],"wp:attachment":[{"href":"https:\/\/bandasanfilep.com.mt\/index.php\/wp-json\/wp\/v2\/media?parent=3101"}],"curies":[{"name":"wp","href":"https:\/\/api.w.org\/{rel}","templated":true}]}}