{"id":755,"date":"2015-01-08T22:05:24","date_gmt":"2015-01-08T21:05:24","guid":{"rendered":"http:\/\/www.bandasanfilep.com.mt\/TestSite\/?page_id=755"},"modified":"2025-07-14T16:20:22","modified_gmt":"2025-07-14T16:20:22","slug":"bandisti-prezenti-tal-ghaqda-kazin-banda-san-filep","status":"publish","type":"page","link":"https:\/\/bandasanfilep.com.mt\/index.php\/bandisti-prezenti-tal-ghaqda-kazin-banda-san-filep\/","title":{"rendered":"Bandisti Pre\u017centi tal-G\u0127aqda Ka\u017cin Banda San Filep"},"content":{"rendered":"<p><!--pixgridder:row[cols=1]--><!--pixgridder:column[col=1]-->[full_width]<a href=\"https:\/\/www.bandasanfilep.com.mt\/wp-content\/uploads\/2018\/07\/IMG_4652.jpg\"><img loading=\"lazy\" decoding=\"async\" class=\"aligncenter size-large wp-image-3026\" src=\"https:\/\/www.bandasanfilep.com.mt\/wp-content\/uploads\/2018\/07\/IMG_4652-1024x683.jpg\" alt=\"\" width=\"1024\" height=\"683\" \/><\/a>[\/full_width]<\/p>\n[table \u201c36\u201d not found \/]<br \/>\n\n<p><!--\/pixgridder:column[col=1]--><!--\/pixgridder:row[cols=1]--><\/p>\n","protected":false},"excerpt":{"rendered":"<p>[full_width][\/full_width]<\/p>\n","protected":false},"author":1,"featured_media":0,"parent":0,"menu_order":0,"comment_status":"closed","ping_status":"closed","template":"page-templates\/page-sidebar-none.php","meta":{"footnotes":""},"class_list":["post-755","page","type-page","status-publish","hentry"],"_links":{"self":[{"href":"https:\/\/bandasanfilep.com.mt\/index.php\/wp-json\/wp\/v2\/pages\/755","targetHints":{"allow":["GET"]}}],"collection":[{"href":"https:\/\/bandasanfilep.com.mt\/index.php\/wp-json\/wp\/v2\/pages"}],"about":[{"href":"https:\/\/bandasanfilep.com.mt\/index.php\/wp-json\/wp\/v2\/types\/page"}],"author":[{"embeddable":true,"href":"https:\/\/bandasanfilep.com.mt\/index.php\/wp-json\/wp\/v2\/users\/1"}],"replies":[{"embeddable":true,"href":"https:\/\/bandasanfilep.com.mt\/index.php\/wp-json\/wp\/v2\/comments?post=755"}],"version-history":[{"count":1,"href":"https:\/\/bandasanfilep.com.mt\/index.php\/wp-json\/wp\/v2\/pages\/755\/revisions"}],"predecessor-version":[{"id":5934,"href":"https:\/\/bandasanfilep.com.mt\/index.php\/wp-json\/wp\/v2\/pages\/755\/revisions\/5934"}],"wp:attachment":[{"href":"https:\/\/bandasanfilep.com.mt\/index.php\/wp-json\/wp\/v2\/media?parent=755"}],"curies":[{"name":"wp","href":"https:\/\/api.w.org\/{rel}","templated":true}]}}